{"id":742,"date":"2021-07-02T16:29:19","date_gmt":"2021-07-02T14:29:19","guid":{"rendered":"https:\/\/ydalir.fr\/?page_id=742"},"modified":"2025-08-29T17:08:46","modified_gmt":"2025-08-29T15:08:46","slug":"revelation-personnelle","status":"publish","type":"page","link":"https:\/\/ydalir.fr\/index.php\/revelation-personnelle\/","title":{"rendered":"R\u00e9v\u00e9lation des eaux troubles"},"content":{"rendered":"\n<figure class=\"wp-block-image alignright size-large is-resized is-style-rounded\"><img data-recalc-dims=\"1\" loading=\"lazy\" decoding=\"async\" width=\"900\" height=\"600\" src=\"https:\/\/i0.wp.com\/ydalir.fr\/wp-content\/uploads\/2021\/02\/For-interieur.jpg?resize=900%2C600&#038;ssl=1\" alt=\"monde int\u00e9rieur\" class=\"wp-image-646\" style=\"width:435px;height:auto\" srcset=\"https:\/\/i0.wp.com\/ydalir.fr\/wp-content\/uploads\/2021\/02\/For-interieur.jpg?w=995&amp;ssl=1 995w, https:\/\/i0.wp.com\/ydalir.fr\/wp-content\/uploads\/2021\/02\/For-interieur.jpg?resize=300%2C200&amp;ssl=1 300w, https:\/\/i0.wp.com\/ydalir.fr\/wp-content\/uploads\/2021\/02\/For-interieur.jpg?resize=768%2C512&amp;ssl=1 768w\" sizes=\"auto, (max-width: 900px) 100vw, 900px\" \/><\/figure>\n\n\n\n<p class=\"has-medium-font-size\">La \u00ab\u00a0r\u00e9v\u00e9lation des eaux troubles\u00a0\u00bb permet de faire un bilan de votre \u00e9tat de sant\u00e9 g\u00e9n\u00e9ral. Celui-ci s&rsquo;int\u00e9resse aux aspects tant psychologique que physiologique. Cette s\u00e9ance met en lumi\u00e8re les zones d&rsquo;ombre, les traumas enfouis, les poids que l&rsquo;on porte et tout autres choses qui peuvent nous limiter sans que l&rsquo;on en connaisse l&rsquo;origine.<\/p>\n\n\n\n<h2 class=\"wp-block-heading\">Pourquoi faire une r\u00e9v\u00e9lation des eaux troubles ?<\/h2>\n\n\n\n<p>Cette technique vous permet d&rsquo;avoir une meilleure connaissance de vos blocages limitants. Etape n\u00e9cessaire pour pouvoir les corriger et vous aider \u00e0 vous en lib\u00e9rer. Ce proc\u00e9d\u00e9 est particuli\u00e8rement int\u00e9ressant lorsque vous avez un sentiment diffus d&rsquo;\u00eatre <strong>emprisonn\u00e9 dans des sch\u00e9mas \u00e9motionnels r\u00e9p\u00e9titifs st\u00e9riles<\/strong>, d&rsquo;un <strong>poids qui vous oppresse<\/strong>, de <strong>d\u00e9mons int\u00e9rieurs <\/strong>qui vous empoisonnent la vie. En mettant le doigt sur ces aspects obscurs de votre personnalit\u00e9, il est possible d&rsquo;avoir une action concr\u00e8te et coh\u00e9rente. C&rsquo;est l&rsquo;\u00e9tape n\u00e9cessaire pour entamer un travail de transformation. Vous pourrez plus facilement d\u00e9passer vos sch\u00e9mas limitants et exprimer votre plein potentiel. Il s&rsquo;agit ensuite de corriger \u00e0 la source un mal \u00eatre profond\u00e9ment enracin\u00e9.<\/p>\n\n\n\n<h2 class=\"wp-block-heading\">Comment se d\u00e9roule ce type de s\u00e9ance ?<\/h2>\n\n\n\n<figure class=\"wp-block-image alignleft size-large is-resized is-style-rounded\"><img data-recalc-dims=\"1\" loading=\"lazy\" decoding=\"async\" width=\"900\" height=\"600\" src=\"https:\/\/i0.wp.com\/ydalir.fr\/wp-content\/uploads\/2021\/02\/Chemin-forestier.jpg?resize=900%2C600&#038;ssl=1\" alt=\"Chemin\" class=\"wp-image-642\" style=\"width:309px;height:auto\" srcset=\"https:\/\/i0.wp.com\/ydalir.fr\/wp-content\/uploads\/2021\/02\/Chemin-forestier.jpg?resize=1024%2C683&amp;ssl=1 1024w, https:\/\/i0.wp.com\/ydalir.fr\/wp-content\/uploads\/2021\/02\/Chemin-forestier.jpg?resize=300%2C200&amp;ssl=1 300w, https:\/\/i0.wp.com\/ydalir.fr\/wp-content\/uploads\/2021\/02\/Chemin-forestier.jpg?resize=768%2C512&amp;ssl=1 768w, https:\/\/i0.wp.com\/ydalir.fr\/wp-content\/uploads\/2021\/02\/Chemin-forestier.jpg?resize=1536%2C1024&amp;ssl=1 1536w, https:\/\/i0.wp.com\/ydalir.fr\/wp-content\/uploads\/2021\/02\/Chemin-forestier.jpg?resize=1568%2C1045&amp;ssl=1 1568w, https:\/\/i0.wp.com\/ydalir.fr\/wp-content\/uploads\/2021\/02\/Chemin-forestier.jpg?w=1920&amp;ssl=1 1920w, https:\/\/i0.wp.com\/ydalir.fr\/wp-content\/uploads\/2021\/02\/Chemin-forestier.jpg?w=1800&amp;ssl=1 1800w\" sizes=\"auto, (max-width: 900px) 100vw, 900px\" \/><\/figure>\n\n\n\n<p>Cette s\u00e9ance se structure autour d&rsquo;une discussion entre vous et moi, votre gu\u00e9risseur. J&rsquo;entrerai en \u00e9tat m\u00e9ditatif ou de transe l\u00e9g\u00e8re, puis vous d\u00e9livrerai les impressions \/ messages qui me parviendront. Attention, cela veut dire que je risque d&rsquo;entrer en profondeur  dans votre v\u00e9cu et vos ressentis. Une relation tr\u00e8s personnelle s&rsquo;instaure entre vous et le praticien. Sachez donc que vous <strong>livrez ce que vous souhaitez dans les proportions que vous le voudrez<\/strong>, sans pression. La s\u00e9ance est plac\u00e9e sous le sceau de la <strong>confidentialit\u00e9<\/strong>, de la <strong>bienveillance <\/strong>et de l&rsquo;<strong>\u00e9coute sans jugement<\/strong>.<\/p>\n\n\n\n<h2 class=\"wp-block-heading\">Quelle suite donner \u00e0 cette s\u00e9ance ?<\/h2>\n\n\n\n<p>Dans ce cadre, je vous proposerai des pistes d&rsquo;action au cours de la s\u00e9ance en fonction de votre probl\u00e9matique. Un bilan en fin de s\u00e9ance permet ensuite de voir quelle suite vous voulez donner \u00e0 cette s\u00e9ance. <\/p>\n\n\n\n<p>La suite du travail n\u00e9cessite \u00e9videmment un investissement personnel important de votre part : c&rsquo;est \u00e0 vous d&#8217;emprunter le chemin de votre propre lib\u00e9ration.  Cependant, un programme de <a href=\"https:\/\/ydalir.fr\/index.php\/soins-energetiques\/\">soins \u00e9nerg\u00e9tiques<\/a> en plusieurs s\u00e9ances peut \u00eatre d\u00e9cid\u00e9 ensemble pour vous accompagner. Mon r\u00f4le est donc avant tout celui d&rsquo;accompagnant et de conseiller. Tout en restant disponible pour intervenir \u00e0 votre demande. Et \u00e9tablir ainsi le terrain favorable \u00e0 la reprise en main de votre corps et de votre personne dans son enti\u00e8ret\u00e9. <\/p>\n\n\n\n<p>Cette s\u00e9ance de r\u00e9v\u00e9lation se structurant autour d&rsquo;une discussion entre vous et le gu\u00e9risseur, elle n\u00e9cessite de rentrer en profondeur dans votre v\u00e9cu et vos ressentis. <\/p>\n\n\n\n<p class=\"has-text-align-center has-medium-font-size\">Envie de mieux vous conna\u00eetre et d&rsquo;explorer vos zones d&rsquo;ombre ? N&rsquo;h\u00e9sitez plus :<\/p>\n\n\n\n<div class=\"wp-block-buttons has-custom-font-size has-large-font-size is-content-justification-center is-layout-flex wp-container-core-buttons-is-layout-16018d1d wp-block-buttons-is-layout-flex\" style=\"border-radius:76px\">\n<div class=\"wp-block-button\"><a class=\"wp-block-button__link has-large-font-size has-custom-font-size wp-element-button\" href=\"https:\/\/ydalir.fr\/index.php\/contact-chamane-magnetiseur-en-correze\/\" style=\"border-radius:76px\">Prenez rendez-vous<\/a><\/div>\n<\/div>\n\n\n\n<p class=\"has-text-align-center has-medium-font-size\">Commencez votre voyage de transformation !<\/p>\n\n\n\n<figure class=\"wp-block-image aligncenter size-large is-resized is-style-rounded\"><img data-recalc-dims=\"1\" loading=\"lazy\" decoding=\"async\" width=\"900\" height=\"450\" src=\"https:\/\/i0.wp.com\/ydalir.fr\/wp-content\/uploads\/2021\/02\/XXX-scandinavie-les-plus-beaux-paysages-vikings-2_1-1024x512-1.jpg?resize=900%2C450&#038;ssl=1\" alt=\"Horizons \u00e9largis\" class=\"wp-image-625\" style=\"width:460px;height:auto\" srcset=\"https:\/\/i0.wp.com\/ydalir.fr\/wp-content\/uploads\/2021\/02\/XXX-scandinavie-les-plus-beaux-paysages-vikings-2_1-1024x512-1.jpg?w=1024&amp;ssl=1 1024w, https:\/\/i0.wp.com\/ydalir.fr\/wp-content\/uploads\/2021\/02\/XXX-scandinavie-les-plus-beaux-paysages-vikings-2_1-1024x512-1.jpg?resize=300%2C150&amp;ssl=1 300w, https:\/\/i0.wp.com\/ydalir.fr\/wp-content\/uploads\/2021\/02\/XXX-scandinavie-les-plus-beaux-paysages-vikings-2_1-1024x512-1.jpg?resize=768%2C384&amp;ssl=1 768w\" sizes=\"auto, (max-width: 900px) 100vw, 900px\" \/><\/figure>\n","protected":false},"excerpt":{"rendered":"<p>La \u00ab\u00a0r\u00e9v\u00e9lation des eaux troubles\u00a0\u00bb permet de faire un bilan de votre \u00e9tat de sant\u00e9 g\u00e9n\u00e9ral. Celui-ci s&rsquo;int\u00e9resse aux aspects tant psychologique que physiologique. Cette [&#8230;]<\/p>\n","protected":false},"author":1,"featured_media":0,"parent":0,"menu_order":0,"comment_status":"closed","ping_status":"closed","template":"","meta":{"footnotes":""},"class_list":["post-742","page","type-page","status-publish","hentry"],"yoast_head":"<!-- This site is optimized with the Yoast SEO plugin v26.5 - https:\/\/yoast.com\/wordpress\/plugins\/seo\/ -->\n<title>R\u00e9v\u00e9lation des eaux troubles - Ydalir<\/title>\n<meta name=\"description\" content=\"V\u00e9ritable bilan g\u00e9n\u00e9ral, tant psychologique que physiologique, il permet de d\u00e9celer les d\u00e9s\u00e9quilibres et d&#039;y apporter une solution.\" \/>\n<meta name=\"robots\" content=\"index, follow, max-snippet:-1, max-image-preview:large, max-video-preview:-1\" \/>\n<link rel=\"canonical\" href=\"https:\/\/ydalir.fr\/index.php\/revelation-personnelle\/\" \/>\n<meta property=\"og:locale\" content=\"fr_FR\" \/>\n<meta property=\"og:type\" content=\"article\" \/>\n<meta property=\"og:title\" content=\"R\u00e9v\u00e9lation des eaux troubles - Ydalir\" \/>\n<meta property=\"og:description\" content=\"V\u00e9ritable bilan g\u00e9n\u00e9ral, tant psychologique que physiologique, il permet de d\u00e9celer les d\u00e9s\u00e9quilibres et d&#039;y apporter une solution.\" \/>\n<meta property=\"og:url\" content=\"https:\/\/ydalir.fr\/index.php\/revelation-personnelle\/\" \/>\n<meta property=\"og:site_name\" content=\"Ydalir\" \/>\n<meta property=\"article:modified_time\" content=\"2025-08-29T15:08:46+00:00\" \/>\n<meta property=\"og:image\" content=\"https:\/\/ydalir.fr\/wp-content\/uploads\/2021\/02\/For-interieur.jpg\" \/>\n<meta name=\"twitter:card\" content=\"summary_large_image\" \/>\n<meta name=\"twitter:label1\" content=\"Dur\u00e9e de lecture estim\u00e9e\" \/>\n\t<meta name=\"twitter:data1\" content=\"3 minutes\" \/>\n<script type=\"application\/ld+json\" class=\"yoast-schema-graph\">{\"@context\":\"https:\/\/schema.org\",\"@graph\":[{\"@type\":\"WebPage\",\"@id\":\"https:\/\/ydalir.fr\/index.php\/revelation-personnelle\/\",\"url\":\"https:\/\/ydalir.fr\/index.php\/revelation-personnelle\/\",\"name\":\"R\u00e9v\u00e9lation des eaux troubles - Ydalir\",\"isPartOf\":{\"@id\":\"https:\/\/ydalir.fr\/#website\"},\"primaryImageOfPage\":{\"@id\":\"https:\/\/ydalir.fr\/index.php\/revelation-personnelle\/#primaryimage\"},\"image\":{\"@id\":\"https:\/\/ydalir.fr\/index.php\/revelation-personnelle\/#primaryimage\"},\"thumbnailUrl\":\"https:\/\/ydalir.fr\/wp-content\/uploads\/2021\/02\/For-interieur.jpg\",\"datePublished\":\"2021-07-02T14:29:19+00:00\",\"dateModified\":\"2025-08-29T15:08:46+00:00\",\"description\":\"V\u00e9ritable bilan g\u00e9n\u00e9ral, tant psychologique que physiologique, il permet de d\u00e9celer les d\u00e9s\u00e9quilibres et d'y apporter une solution.\",\"breadcrumb\":{\"@id\":\"https:\/\/ydalir.fr\/index.php\/revelation-personnelle\/#breadcrumb\"},\"inLanguage\":\"fr-FR\",\"potentialAction\":[{\"@type\":\"ReadAction\",\"target\":[\"https:\/\/ydalir.fr\/index.php\/revelation-personnelle\/\"]}]},{\"@type\":\"ImageObject\",\"inLanguage\":\"fr-FR\",\"@id\":\"https:\/\/ydalir.fr\/index.php\/revelation-personnelle\/#primaryimage\",\"url\":\"https:\/\/i0.wp.com\/ydalir.fr\/wp-content\/uploads\/2021\/02\/For-interieur.jpg?fit=995%2C663&ssl=1\",\"contentUrl\":\"https:\/\/i0.wp.com\/ydalir.fr\/wp-content\/uploads\/2021\/02\/For-interieur.jpg?fit=995%2C663&ssl=1\",\"width\":995,\"height\":663,\"caption\":\"monde int\u00e9rieur\"},{\"@type\":\"BreadcrumbList\",\"@id\":\"https:\/\/ydalir.fr\/index.php\/revelation-personnelle\/#breadcrumb\",\"itemListElement\":[{\"@type\":\"ListItem\",\"position\":1,\"name\":\"Accueil\",\"item\":\"https:\/\/ydalir.fr\/\"},{\"@type\":\"ListItem\",\"position\":2,\"name\":\"R\u00e9v\u00e9lation des eaux troubles\"}]},{\"@type\":\"WebSite\",\"@id\":\"https:\/\/ydalir.fr\/#website\",\"url\":\"https:\/\/ydalir.fr\/\",\"name\":\"Ydalir\",\"description\":\"Chamane Viking\",\"publisher\":{\"@id\":\"https:\/\/ydalir.fr\/#organization\"},\"potentialAction\":[{\"@type\":\"SearchAction\",\"target\":{\"@type\":\"EntryPoint\",\"urlTemplate\":\"https:\/\/ydalir.fr\/?s={search_term_string}\"},\"query-input\":{\"@type\":\"PropertyValueSpecification\",\"valueRequired\":true,\"valueName\":\"search_term_string\"}}],\"inLanguage\":\"fr-FR\"},{\"@type\":\"Organization\",\"@id\":\"https:\/\/ydalir.fr\/#organization\",\"name\":\"Ydalir\",\"url\":\"https:\/\/ydalir.fr\/\",\"logo\":{\"@type\":\"ImageObject\",\"inLanguage\":\"fr-FR\",\"@id\":\"https:\/\/ydalir.fr\/#\/schema\/logo\/image\/\",\"url\":\"https:\/\/i0.wp.com\/ydalir.fr\/wp-content\/uploads\/2020\/05\/cropped-Vegvisir-HD_site.jpg?fit=120%2C120&ssl=1\",\"contentUrl\":\"https:\/\/i0.wp.com\/ydalir.fr\/wp-content\/uploads\/2020\/05\/cropped-Vegvisir-HD_site.jpg?fit=120%2C120&ssl=1\",\"width\":120,\"height\":120,\"caption\":\"Ydalir\"},\"image\":{\"@id\":\"https:\/\/ydalir.fr\/#\/schema\/logo\/image\/\"}}]}<\/script>\n<!-- \/ Yoast SEO plugin. -->","yoast_head_json":{"title":"R\u00e9v\u00e9lation des eaux troubles - Ydalir","description":"V\u00e9ritable bilan g\u00e9n\u00e9ral, tant psychologique que physiologique, il permet de d\u00e9celer les d\u00e9s\u00e9quilibres et d'y apporter une solution.","robots":{"index":"index","follow":"follow","max-snippet":"max-snippet:-1","max-image-preview":"max-image-preview:large","max-video-preview":"max-video-preview:-1"},"canonical":"https:\/\/ydalir.fr\/index.php\/revelation-personnelle\/","og_locale":"fr_FR","og_type":"article","og_title":"R\u00e9v\u00e9lation des eaux troubles - Ydalir","og_description":"V\u00e9ritable bilan g\u00e9n\u00e9ral, tant psychologique que physiologique, il permet de d\u00e9celer les d\u00e9s\u00e9quilibres et d'y apporter une solution.","og_url":"https:\/\/ydalir.fr\/index.php\/revelation-personnelle\/","og_site_name":"Ydalir","article_modified_time":"2025-08-29T15:08:46+00:00","og_image":[{"url":"https:\/\/ydalir.fr\/wp-content\/uploads\/2021\/02\/For-interieur.jpg","type":"","width":"","height":""}],"twitter_card":"summary_large_image","twitter_misc":{"Dur\u00e9e de lecture estim\u00e9e":"3 minutes"},"schema":{"@context":"https:\/\/schema.org","@graph":[{"@type":"WebPage","@id":"https:\/\/ydalir.fr\/index.php\/revelation-personnelle\/","url":"https:\/\/ydalir.fr\/index.php\/revelation-personnelle\/","name":"R\u00e9v\u00e9lation des eaux troubles - Ydalir","isPartOf":{"@id":"https:\/\/ydalir.fr\/#website"},"primaryImageOfPage":{"@id":"https:\/\/ydalir.fr\/index.php\/revelation-personnelle\/#primaryimage"},"image":{"@id":"https:\/\/ydalir.fr\/index.php\/revelation-personnelle\/#primaryimage"},"thumbnailUrl":"https:\/\/ydalir.fr\/wp-content\/uploads\/2021\/02\/For-interieur.jpg","datePublished":"2021-07-02T14:29:19+00:00","dateModified":"2025-08-29T15:08:46+00:00","description":"V\u00e9ritable bilan g\u00e9n\u00e9ral, tant psychologique que physiologique, il permet de d\u00e9celer les d\u00e9s\u00e9quilibres et d'y apporter une solution.","breadcrumb":{"@id":"https:\/\/ydalir.fr\/index.php\/revelation-personnelle\/#breadcrumb"},"inLanguage":"fr-FR","potentialAction":[{"@type":"ReadAction","target":["https:\/\/ydalir.fr\/index.php\/revelation-personnelle\/"]}]},{"@type":"ImageObject","inLanguage":"fr-FR","@id":"https:\/\/ydalir.fr\/index.php\/revelation-personnelle\/#primaryimage","url":"https:\/\/i0.wp.com\/ydalir.fr\/wp-content\/uploads\/2021\/02\/For-interieur.jpg?fit=995%2C663&ssl=1","contentUrl":"https:\/\/i0.wp.com\/ydalir.fr\/wp-content\/uploads\/2021\/02\/For-interieur.jpg?fit=995%2C663&ssl=1","width":995,"height":663,"caption":"monde int\u00e9rieur"},{"@type":"BreadcrumbList","@id":"https:\/\/ydalir.fr\/index.php\/revelation-personnelle\/#breadcrumb","itemListElement":[{"@type":"ListItem","position":1,"name":"Accueil","item":"https:\/\/ydalir.fr\/"},{"@type":"ListItem","position":2,"name":"R\u00e9v\u00e9lation des eaux troubles"}]},{"@type":"WebSite","@id":"https:\/\/ydalir.fr\/#website","url":"https:\/\/ydalir.fr\/","name":"Ydalir","description":"Chamane Viking","publisher":{"@id":"https:\/\/ydalir.fr\/#organization"},"potentialAction":[{"@type":"SearchAction","target":{"@type":"EntryPoint","urlTemplate":"https:\/\/ydalir.fr\/?s={search_term_string}"},"query-input":{"@type":"PropertyValueSpecification","valueRequired":true,"valueName":"search_term_string"}}],"inLanguage":"fr-FR"},{"@type":"Organization","@id":"https:\/\/ydalir.fr\/#organization","name":"Ydalir","url":"https:\/\/ydalir.fr\/","logo":{"@type":"ImageObject","inLanguage":"fr-FR","@id":"https:\/\/ydalir.fr\/#\/schema\/logo\/image\/","url":"https:\/\/i0.wp.com\/ydalir.fr\/wp-content\/uploads\/2020\/05\/cropped-Vegvisir-HD_site.jpg?fit=120%2C120&ssl=1","contentUrl":"https:\/\/i0.wp.com\/ydalir.fr\/wp-content\/uploads\/2020\/05\/cropped-Vegvisir-HD_site.jpg?fit=120%2C120&ssl=1","width":120,"height":120,"caption":"Ydalir"},"image":{"@id":"https:\/\/ydalir.fr\/#\/schema\/logo\/image\/"}}]}},"jetpack-related-posts":[{"id":1759,"url":"https:\/\/ydalir.fr\/index.php\/assistance-spirituelle\/","url_meta":{"origin":742,"position":0},"title":"Assistance spirituelle","author":"Ydalir","date":"15 ao\u00fbt 2025","format":false,"excerpt":"Voyance, divination, accompagnement spirituel ou coaching de vie. Ici vous trouverez les r\u00e9ponses \u00e0 vos questionnements existentiels. Voyant runiste : l\u2019oracle par les runes R\u00e9v\u00e9lation des eaux troubles La Voie des Anciens : un coach de vie, accompagnateur de votre destin\u00e9e","rel":"","context":"Article similaire","block_context":{"text":"Article similaire","link":""},"img":{"alt_text":"","src":"https:\/\/i0.wp.com\/ydalir.fr\/wp-content\/uploads\/2025\/07\/image-1.png?resize=350%2C200&ssl=1","width":350,"height":200,"srcset":"https:\/\/i0.wp.com\/ydalir.fr\/wp-content\/uploads\/2025\/07\/image-1.png?resize=350%2C200&ssl=1 1x, https:\/\/i0.wp.com\/ydalir.fr\/wp-content\/uploads\/2025\/07\/image-1.png?resize=525%2C300&ssl=1 1.5x, https:\/\/i0.wp.com\/ydalir.fr\/wp-content\/uploads\/2025\/07\/image-1.png?resize=700%2C400&ssl=1 2x"},"classes":[]},{"id":733,"url":"https:\/\/ydalir.fr\/index.php\/services-proposes\/","url_meta":{"origin":742,"position":1},"title":"Services propos\u00e9s","author":"Ydalir","date":"2 juillet 2021","format":false,"excerpt":"Pour vous apporter une solution personnalis\u00e9e adapt\u00e9e \u00e0 vos attentes et vos probl\u00e9matiques, je vous propose les services suivants (cliquez pour en savoir plus) : Les soins \u00e9nerg\u00e9tiques La r\u00e9v\u00e9lation des eaux troubles Lib\u00e9ration des m\u00e9moires ant\u00e9rieures Rituels Bannissement d\u2019entit\u00e9s et exorcisme","rel":"","context":"Article similaire","block_context":{"text":"Article similaire","link":""},"img":{"alt_text":"Bougie d'offrande allum\u00e9e","src":"https:\/\/i0.wp.com\/ydalir.fr\/wp-content\/uploads\/2021\/07\/pexels-photo-2730218.jpeg?resize=350%2C200&ssl=1","width":350,"height":200,"srcset":"https:\/\/i0.wp.com\/ydalir.fr\/wp-content\/uploads\/2021\/07\/pexels-photo-2730218.jpeg?resize=350%2C200&ssl=1 1x, https:\/\/i0.wp.com\/ydalir.fr\/wp-content\/uploads\/2021\/07\/pexels-photo-2730218.jpeg?resize=525%2C300&ssl=1 1.5x, https:\/\/i0.wp.com\/ydalir.fr\/wp-content\/uploads\/2021\/07\/pexels-photo-2730218.jpeg?resize=700%2C400&ssl=1 2x"},"classes":[]},{"id":1585,"url":"https:\/\/ydalir.fr\/index.php\/tarifs\/","url_meta":{"origin":742,"position":2},"title":"Tarifs","author":"Ydalir","date":"9 juin 2023","format":false,"excerpt":"Il s'agit \u00e0 la fois de respecter une r\u00e8gle d'\u00e9change r\u00e9ciproque et de participer au d\u00e9veloppement de mon activit\u00e9. Cela permet de me rendre plus disponible et d'aider plus de monde, de permettre la reconnaissance de mon travail et de respecter la loi de la r\u00e9ciprocit\u00e9 qui sous-tend la m\u00e9canique\u2026","rel":"","context":"Article similaire","block_context":{"text":"Article similaire","link":""},"img":{"alt_text":"Point de rencontre et d'\u00e9change entre le Feu et la Glace","src":"https:\/\/i0.wp.com\/ydalir.fr\/wp-content\/uploads\/2023\/06\/Echanges-feu-et-glace-e1686390180454-edited-2.png?resize=350%2C200&ssl=1","width":350,"height":200,"srcset":"https:\/\/i0.wp.com\/ydalir.fr\/wp-content\/uploads\/2023\/06\/Echanges-feu-et-glace-e1686390180454-edited-2.png?resize=350%2C200&ssl=1 1x, https:\/\/i0.wp.com\/ydalir.fr\/wp-content\/uploads\/2023\/06\/Echanges-feu-et-glace-e1686390180454-edited-2.png?resize=525%2C300&ssl=1 1.5x, https:\/\/i0.wp.com\/ydalir.fr\/wp-content\/uploads\/2023\/06\/Echanges-feu-et-glace-e1686390180454-edited-2.png?resize=700%2C400&ssl=1 2x, https:\/\/i0.wp.com\/ydalir.fr\/wp-content\/uploads\/2023\/06\/Echanges-feu-et-glace-e1686390180454-edited-2.png?resize=1050%2C600&ssl=1 3x, https:\/\/i0.wp.com\/ydalir.fr\/wp-content\/uploads\/2023\/06\/Echanges-feu-et-glace-e1686390180454-edited-2.png?resize=1400%2C800&ssl=1 4x"},"classes":[]},{"id":419,"url":"https:\/\/ydalir.fr\/","url_meta":{"origin":742,"position":3},"title":"Chamane, magn\u00e9tiseur et runiste : soins \u00e9nerg\u00e9tiques, runes, voyance, rituels et magie","author":"Ydalir","date":"17 juillet 2016","format":false,"excerpt":"Chamane et magn\u00e9tiseur, je suis \u00e0 votre service pour vous soulager et vous soutenir sur les flots tumultueux de la vie. Je pratique le soin par magn\u00e9tisme depuis l'\u00e2ge de 17 ans. J'utilise les runes conjointement \u00e0 une pratique instinctive et intuitive. Mon approche est donc guid\u00e9e par une sensibilit\u00e9\u2026","rel":"","context":"Article similaire","block_context":{"text":"Article similaire","link":""},"img":{"alt_text":"Chamane op\u00e9rant un rituel","src":"https:\/\/i0.wp.com\/ydalir.fr\/wp-content\/uploads\/2021\/07\/Chamane-nordique.jpg?resize=350%2C200&ssl=1","width":350,"height":200},"classes":[]},{"id":1324,"url":"https:\/\/ydalir.fr\/index.php\/liberation-des-memoires-anterieures\/","url_meta":{"origin":742,"position":4},"title":"Lib\u00e9ration des m\u00e9moires ant\u00e9rieures","author":"Ydalir","date":"31 juillet 2022","format":false,"excerpt":"Ce type de s\u00e9ance permet d'explorer vos diff\u00e9rentes m\u00e9moires - de votre g\u00e9n\u00e9alogie \u00e0 vos vies ant\u00e9rieures - pour d\u00e9couvrir l'origine potentielle d'une maladie chronique, un handicap ou une situation persistante ou r\u00e9currente. Que sont les m\u00e9moires ant\u00e9rieures ? Les m\u00e9moires ant\u00e9rieures sont l'ensemble des \u00e9l\u00e9ments pass\u00e9s qui r\u00e9sonnent en\u2026","rel":"","context":"Article similaire","block_context":{"text":"Article similaire","link":""},"img":{"alt_text":"","src":"https:\/\/i0.wp.com\/ydalir.fr\/wp-content\/uploads\/2025\/08\/ancetres-nordiques.jpg?resize=350%2C200&ssl=1","width":350,"height":200,"srcset":"https:\/\/i0.wp.com\/ydalir.fr\/wp-content\/uploads\/2025\/08\/ancetres-nordiques.jpg?resize=350%2C200&ssl=1 1x, https:\/\/i0.wp.com\/ydalir.fr\/wp-content\/uploads\/2025\/08\/ancetres-nordiques.jpg?resize=525%2C300&ssl=1 1.5x"},"classes":[]},{"id":184,"url":"https:\/\/ydalir.fr\/index.php\/seance-de-magnetisme\/","url_meta":{"origin":742,"position":5},"title":"S\u00e9ance de magn\u00e9tisme : comment \u00e7a se passe ?","author":"Ydalir","date":"13 juillet 2016","format":false,"excerpt":"Une s\u00e9ance de magn\u00e9tisme peut avoir une dur\u00e9e tr\u00e8s variable en fonction du trouble qui affecte le demandeur de soins. Elle se d\u00e9roule sur trois phases : une premi\u00e8re phase de discussion, une seconde d'intervention \u00e9nerg\u00e9tique et une derni\u00e8re de bilan. La discussion : la clef de votre propre lib\u00e9ration\u2026","rel":"","context":"Article similaire","block_context":{"text":"Article similaire","link":""},"img":{"alt_text":"Loup attentif \u00e9coute","src":"https:\/\/i0.wp.com\/ydalir.fr\/wp-content\/uploads\/2021\/02\/Qui_suis_je_wolf-e1614023171749.jpg?resize=350%2C200&ssl=1","width":350,"height":200,"srcset":"https:\/\/i0.wp.com\/ydalir.fr\/wp-content\/uploads\/2021\/02\/Qui_suis_je_wolf-e1614023171749.jpg?resize=350%2C200&ssl=1 1x, https:\/\/i0.wp.com\/ydalir.fr\/wp-content\/uploads\/2021\/02\/Qui_suis_je_wolf-e1614023171749.jpg?resize=525%2C300&ssl=1 1.5x, https:\/\/i0.wp.com\/ydalir.fr\/wp-content\/uploads\/2021\/02\/Qui_suis_je_wolf-e1614023171749.jpg?resize=700%2C400&ssl=1 2x, https:\/\/i0.wp.com\/ydalir.fr\/wp-content\/uploads\/2021\/02\/Qui_suis_je_wolf-e1614023171749.jpg?resize=1050%2C600&ssl=1 3x, https:\/\/i0.wp.com\/ydalir.fr\/wp-content\/uploads\/2021\/02\/Qui_suis_je_wolf-e1614023171749.jpg?resize=1400%2C800&ssl=1 4x"},"classes":[]}],"jetpack_sharing_enabled":true,"jetpack_likes_enabled":true,"_links":{"self":[{"href":"https:\/\/ydalir.fr\/index.php\/wp-json\/wp\/v2\/pages\/742","targetHints":{"allow":["GET"]}}],"collection":[{"href":"https:\/\/ydalir.fr\/index.php\/wp-json\/wp\/v2\/pages"}],"about":[{"href":"https:\/\/ydalir.fr\/index.php\/wp-json\/wp\/v2\/types\/page"}],"author":[{"embeddable":true,"href":"https:\/\/ydalir.fr\/index.php\/wp-json\/wp\/v2\/users\/1"}],"replies":[{"embeddable":true,"href":"https:\/\/ydalir.fr\/index.php\/wp-json\/wp\/v2\/comments?post=742"}],"version-history":[{"count":30,"href":"https:\/\/ydalir.fr\/index.php\/wp-json\/wp\/v2\/pages\/742\/revisions"}],"predecessor-version":[{"id":1866,"href":"https:\/\/ydalir.fr\/index.php\/wp-json\/wp\/v2\/pages\/742\/revisions\/1866"}],"wp:attachment":[{"href":"https:\/\/ydalir.fr\/index.php\/wp-json\/wp\/v2\/media?parent=742"}],"curies":[{"name":"wp","href":"https:\/\/api.w.org\/{rel}","templated":true}]}}