{"id":1759,"date":"2025-08-15T15:28:11","date_gmt":"2025-08-15T13:28:11","guid":{"rendered":"https:\/\/ydalir.fr\/?page_id=1759"},"modified":"2025-08-15T16:28:52","modified_gmt":"2025-08-15T14:28:52","slug":"assistance-spirituelle","status":"publish","type":"page","link":"https:\/\/ydalir.fr\/index.php\/assistance-spirituelle\/","title":{"rendered":"Assistance spirituelle"},"content":{"rendered":"\n<p class=\"has-medium-font-size\">Voyance, divination, accompagnement spirituel ou coaching de vie. Ici vous trouverez les r\u00e9ponses \u00e0 vos questionnements existentiels.<\/p>\n\n\n\n<div class=\"wp-block-cover alignwide has-custom-content-position is-position-center-left wp-duotone-000000-9b51e0-1\" style=\"min-height:159px;aspect-ratio:unset;\"><img data-recalc-dims=\"1\" loading=\"lazy\" decoding=\"async\" width=\"900\" height=\"675\" class=\"wp-block-cover__image-background wp-image-1717 size-full\" alt=\"\" src=\"https:\/\/i0.wp.com\/ydalir.fr\/wp-content\/uploads\/2025\/07\/image-1.png?resize=900%2C675&#038;ssl=1\" style=\"object-position:64% 63%\" data-object-fit=\"cover\" data-object-position=\"64% 63%\" srcset=\"https:\/\/i0.wp.com\/ydalir.fr\/wp-content\/uploads\/2025\/07\/image-1.png?w=1024&amp;ssl=1 1024w, https:\/\/i0.wp.com\/ydalir.fr\/wp-content\/uploads\/2025\/07\/image-1.png?resize=300%2C225&amp;ssl=1 300w, https:\/\/i0.wp.com\/ydalir.fr\/wp-content\/uploads\/2025\/07\/image-1.png?resize=768%2C576&amp;ssl=1 768w\" sizes=\"auto, (max-width: 900px) 100vw, 900px\" \/><span aria-hidden=\"true\" class=\"wp-block-cover__background has-black-background-color has-background-dim-0 has-background-dim\"><\/span><div class=\"wp-block-cover__inner-container is-layout-flow wp-block-cover-is-layout-flow\">\n<p class=\"has-white-color has-text-color has-link-color has-large-font-size wp-elements-4b7bd519133f0bca8b139eebabd7029d\"><a href=\"https:\/\/ydalir.fr\/index.php\/le-voyant-runiste-loracle-par-les-runes\/\">Voyant runiste : l\u2019oracle par les runes<\/a><\/p>\n<\/div><\/div>\n\n\n\n<div class=\"wp-block-cover alignwide has-custom-content-position is-position-center-left wp-duotone-000000-0693e3-2\" style=\"min-height:159px;aspect-ratio:unset;\"><img data-recalc-dims=\"1\" loading=\"lazy\" decoding=\"async\" width=\"900\" height=\"600\" class=\"wp-block-cover__image-background wp-image-646 size-full\" alt=\"monde int\u00e9rieur\" src=\"https:\/\/i0.wp.com\/ydalir.fr\/wp-content\/uploads\/2021\/02\/For-interieur.jpg?resize=900%2C600&#038;ssl=1\" style=\"object-position:45% 22%\" data-object-fit=\"cover\" data-object-position=\"45% 22%\" srcset=\"https:\/\/i0.wp.com\/ydalir.fr\/wp-content\/uploads\/2021\/02\/For-interieur.jpg?w=995&amp;ssl=1 995w, https:\/\/i0.wp.com\/ydalir.fr\/wp-content\/uploads\/2021\/02\/For-interieur.jpg?resize=300%2C200&amp;ssl=1 300w, https:\/\/i0.wp.com\/ydalir.fr\/wp-content\/uploads\/2021\/02\/For-interieur.jpg?resize=768%2C512&amp;ssl=1 768w\" sizes=\"auto, (max-width: 900px) 100vw, 900px\" \/><span aria-hidden=\"true\" class=\"wp-block-cover__background has-black-background-color has-background-dim-0 has-background-dim\"><\/span><div class=\"wp-block-cover__inner-container is-layout-flow wp-block-cover-is-layout-flow\">\n<p class=\"has-white-color has-text-color has-link-color has-large-font-size wp-elements-9099f28d50a6c6e8b19ac16011a7c4f0\"><a href=\"https:\/\/ydalir.fr\/index.php\/revelation-personnelle\/\">R\u00e9v\u00e9lation des eaux troubles<\/a><\/p>\n<\/div><\/div>\n\n\n\n<div class=\"wp-block-cover alignwide has-custom-content-position is-position-center-left wp-duotone-000000-ae3535-3\" style=\"min-height:159px;aspect-ratio:unset;\"><img data-recalc-dims=\"1\" loading=\"lazy\" decoding=\"async\" width=\"900\" height=\"675\" class=\"wp-block-cover__image-background wp-image-1694 size-full\" alt=\"\" src=\"https:\/\/i0.wp.com\/ydalir.fr\/wp-content\/uploads\/2025\/07\/image.png?resize=900%2C675&#038;ssl=1\" data-object-fit=\"cover\" srcset=\"https:\/\/i0.wp.com\/ydalir.fr\/wp-content\/uploads\/2025\/07\/image.png?w=1024&amp;ssl=1 1024w, https:\/\/i0.wp.com\/ydalir.fr\/wp-content\/uploads\/2025\/07\/image.png?resize=300%2C225&amp;ssl=1 300w, https:\/\/i0.wp.com\/ydalir.fr\/wp-content\/uploads\/2025\/07\/image.png?resize=768%2C576&amp;ssl=1 768w\" sizes=\"auto, (max-width: 900px) 100vw, 900px\" \/><span aria-hidden=\"true\" class=\"wp-block-cover__background has-black-background-color has-background-dim-0 has-background-dim\"><\/span><div class=\"wp-block-cover__inner-container is-layout-flow wp-block-cover-is-layout-flow\">\n<p class=\"has-white-color has-text-color has-link-color has-large-font-size wp-elements-672ee1ebd448197e27ea5dd46952d2e9\"><a href=\"https:\/\/ydalir.fr\/index.php\/la-voie-des-anciens\/\">La Voie des Anciens : un coach de vie, accompagnateur de votre destin\u00e9e<\/a><\/p>\n<\/div><\/div>\n\n\n\n<p><\/p>\n","protected":false},"excerpt":{"rendered":"<p>Voyance, divination, accompagnement spirituel ou coaching de vie. Ici vous trouverez les r\u00e9ponses \u00e0 vos questionnements existentiels.<\/p>\n","protected":false},"author":1,"featured_media":0,"parent":0,"menu_order":0,"comment_status":"closed","ping_status":"closed","template":"","meta":{"footnotes":""},"class_list":["post-1759","page","type-page","status-publish","hentry"],"yoast_head":"<!-- This site is optimized with the Yoast SEO plugin v26.5 - https:\/\/yoast.com\/wordpress\/plugins\/seo\/ -->\n<title>Assistance spirituelle - Ydalir<\/title>\n<meta name=\"robots\" content=\"index, follow, max-snippet:-1, max-image-preview:large, max-video-preview:-1\" \/>\n<link rel=\"canonical\" href=\"https:\/\/ydalir.fr\/index.php\/assistance-spirituelle\/\" \/>\n<meta property=\"og:locale\" content=\"fr_FR\" \/>\n<meta property=\"og:type\" content=\"article\" \/>\n<meta property=\"og:title\" content=\"Assistance spirituelle - Ydalir\" \/>\n<meta property=\"og:description\" content=\"Voyance, divination, accompagnement spirituel ou coaching de vie. Ici vous trouverez les r\u00e9ponses \u00e0 vos questionnements existentiels.\" \/>\n<meta property=\"og:url\" content=\"https:\/\/ydalir.fr\/index.php\/assistance-spirituelle\/\" \/>\n<meta property=\"og:site_name\" content=\"Ydalir\" \/>\n<meta property=\"article:modified_time\" content=\"2025-08-15T14:28:52+00:00\" \/>\n<meta property=\"og:image\" content=\"https:\/\/ydalir.fr\/wp-content\/uploads\/2025\/07\/image-1.png\" \/>\n<meta name=\"twitter:card\" content=\"summary_large_image\" \/>\n<meta name=\"twitter:label1\" content=\"Dur\u00e9e de lecture estim\u00e9e\" \/>\n\t<meta name=\"twitter:data1\" content=\"1 minute\" \/>\n<script type=\"application\/ld+json\" class=\"yoast-schema-graph\">{\"@context\":\"https:\/\/schema.org\",\"@graph\":[{\"@type\":\"WebPage\",\"@id\":\"https:\/\/ydalir.fr\/index.php\/assistance-spirituelle\/\",\"url\":\"https:\/\/ydalir.fr\/index.php\/assistance-spirituelle\/\",\"name\":\"Assistance spirituelle - Ydalir\",\"isPartOf\":{\"@id\":\"https:\/\/ydalir.fr\/#website\"},\"primaryImageOfPage\":{\"@id\":\"https:\/\/ydalir.fr\/index.php\/assistance-spirituelle\/#primaryimage\"},\"image\":{\"@id\":\"https:\/\/ydalir.fr\/index.php\/assistance-spirituelle\/#primaryimage\"},\"thumbnailUrl\":\"https:\/\/ydalir.fr\/wp-content\/uploads\/2025\/07\/image-1.png\",\"datePublished\":\"2025-08-15T13:28:11+00:00\",\"dateModified\":\"2025-08-15T14:28:52+00:00\",\"breadcrumb\":{\"@id\":\"https:\/\/ydalir.fr\/index.php\/assistance-spirituelle\/#breadcrumb\"},\"inLanguage\":\"fr-FR\",\"potentialAction\":[{\"@type\":\"ReadAction\",\"target\":[\"https:\/\/ydalir.fr\/index.php\/assistance-spirituelle\/\"]}]},{\"@type\":\"ImageObject\",\"inLanguage\":\"fr-FR\",\"@id\":\"https:\/\/ydalir.fr\/index.php\/assistance-spirituelle\/#primaryimage\",\"url\":\"https:\/\/i0.wp.com\/ydalir.fr\/wp-content\/uploads\/2025\/07\/image-1.png?fit=1024%2C768&ssl=1\",\"contentUrl\":\"https:\/\/i0.wp.com\/ydalir.fr\/wp-content\/uploads\/2025\/07\/image-1.png?fit=1024%2C768&ssl=1\",\"width\":1024,\"height\":768},{\"@type\":\"BreadcrumbList\",\"@id\":\"https:\/\/ydalir.fr\/index.php\/assistance-spirituelle\/#breadcrumb\",\"itemListElement\":[{\"@type\":\"ListItem\",\"position\":1,\"name\":\"Accueil\",\"item\":\"https:\/\/ydalir.fr\/\"},{\"@type\":\"ListItem\",\"position\":2,\"name\":\"Assistance spirituelle\"}]},{\"@type\":\"WebSite\",\"@id\":\"https:\/\/ydalir.fr\/#website\",\"url\":\"https:\/\/ydalir.fr\/\",\"name\":\"Ydalir\",\"description\":\"Chamane Viking\",\"publisher\":{\"@id\":\"https:\/\/ydalir.fr\/#organization\"},\"potentialAction\":[{\"@type\":\"SearchAction\",\"target\":{\"@type\":\"EntryPoint\",\"urlTemplate\":\"https:\/\/ydalir.fr\/?s={search_term_string}\"},\"query-input\":{\"@type\":\"PropertyValueSpecification\",\"valueRequired\":true,\"valueName\":\"search_term_string\"}}],\"inLanguage\":\"fr-FR\"},{\"@type\":\"Organization\",\"@id\":\"https:\/\/ydalir.fr\/#organization\",\"name\":\"Ydalir\",\"url\":\"https:\/\/ydalir.fr\/\",\"logo\":{\"@type\":\"ImageObject\",\"inLanguage\":\"fr-FR\",\"@id\":\"https:\/\/ydalir.fr\/#\/schema\/logo\/image\/\",\"url\":\"https:\/\/i0.wp.com\/ydalir.fr\/wp-content\/uploads\/2020\/05\/cropped-Vegvisir-HD_site.jpg?fit=120%2C120&ssl=1\",\"contentUrl\":\"https:\/\/i0.wp.com\/ydalir.fr\/wp-content\/uploads\/2020\/05\/cropped-Vegvisir-HD_site.jpg?fit=120%2C120&ssl=1\",\"width\":120,\"height\":120,\"caption\":\"Ydalir\"},\"image\":{\"@id\":\"https:\/\/ydalir.fr\/#\/schema\/logo\/image\/\"}}]}<\/script>\n<!-- \/ Yoast SEO plugin. -->","yoast_head_json":{"title":"Assistance spirituelle - Ydalir","robots":{"index":"index","follow":"follow","max-snippet":"max-snippet:-1","max-image-preview":"max-image-preview:large","max-video-preview":"max-video-preview:-1"},"canonical":"https:\/\/ydalir.fr\/index.php\/assistance-spirituelle\/","og_locale":"fr_FR","og_type":"article","og_title":"Assistance spirituelle - Ydalir","og_description":"Voyance, divination, accompagnement spirituel ou coaching de vie. Ici vous trouverez les r\u00e9ponses \u00e0 vos questionnements existentiels.","og_url":"https:\/\/ydalir.fr\/index.php\/assistance-spirituelle\/","og_site_name":"Ydalir","article_modified_time":"2025-08-15T14:28:52+00:00","og_image":[{"url":"https:\/\/ydalir.fr\/wp-content\/uploads\/2025\/07\/image-1.png","type":"","width":"","height":""}],"twitter_card":"summary_large_image","twitter_misc":{"Dur\u00e9e de lecture estim\u00e9e":"1 minute"},"schema":{"@context":"https:\/\/schema.org","@graph":[{"@type":"WebPage","@id":"https:\/\/ydalir.fr\/index.php\/assistance-spirituelle\/","url":"https:\/\/ydalir.fr\/index.php\/assistance-spirituelle\/","name":"Assistance spirituelle - Ydalir","isPartOf":{"@id":"https:\/\/ydalir.fr\/#website"},"primaryImageOfPage":{"@id":"https:\/\/ydalir.fr\/index.php\/assistance-spirituelle\/#primaryimage"},"image":{"@id":"https:\/\/ydalir.fr\/index.php\/assistance-spirituelle\/#primaryimage"},"thumbnailUrl":"https:\/\/ydalir.fr\/wp-content\/uploads\/2025\/07\/image-1.png","datePublished":"2025-08-15T13:28:11+00:00","dateModified":"2025-08-15T14:28:52+00:00","breadcrumb":{"@id":"https:\/\/ydalir.fr\/index.php\/assistance-spirituelle\/#breadcrumb"},"inLanguage":"fr-FR","potentialAction":[{"@type":"ReadAction","target":["https:\/\/ydalir.fr\/index.php\/assistance-spirituelle\/"]}]},{"@type":"ImageObject","inLanguage":"fr-FR","@id":"https:\/\/ydalir.fr\/index.php\/assistance-spirituelle\/#primaryimage","url":"https:\/\/i0.wp.com\/ydalir.fr\/wp-content\/uploads\/2025\/07\/image-1.png?fit=1024%2C768&ssl=1","contentUrl":"https:\/\/i0.wp.com\/ydalir.fr\/wp-content\/uploads\/2025\/07\/image-1.png?fit=1024%2C768&ssl=1","width":1024,"height":768},{"@type":"BreadcrumbList","@id":"https:\/\/ydalir.fr\/index.php\/assistance-spirituelle\/#breadcrumb","itemListElement":[{"@type":"ListItem","position":1,"name":"Accueil","item":"https:\/\/ydalir.fr\/"},{"@type":"ListItem","position":2,"name":"Assistance spirituelle"}]},{"@type":"WebSite","@id":"https:\/\/ydalir.fr\/#website","url":"https:\/\/ydalir.fr\/","name":"Ydalir","description":"Chamane Viking","publisher":{"@id":"https:\/\/ydalir.fr\/#organization"},"potentialAction":[{"@type":"SearchAction","target":{"@type":"EntryPoint","urlTemplate":"https:\/\/ydalir.fr\/?s={search_term_string}"},"query-input":{"@type":"PropertyValueSpecification","valueRequired":true,"valueName":"search_term_string"}}],"inLanguage":"fr-FR"},{"@type":"Organization","@id":"https:\/\/ydalir.fr\/#organization","name":"Ydalir","url":"https:\/\/ydalir.fr\/","logo":{"@type":"ImageObject","inLanguage":"fr-FR","@id":"https:\/\/ydalir.fr\/#\/schema\/logo\/image\/","url":"https:\/\/i0.wp.com\/ydalir.fr\/wp-content\/uploads\/2020\/05\/cropped-Vegvisir-HD_site.jpg?fit=120%2C120&ssl=1","contentUrl":"https:\/\/i0.wp.com\/ydalir.fr\/wp-content\/uploads\/2020\/05\/cropped-Vegvisir-HD_site.jpg?fit=120%2C120&ssl=1","width":120,"height":120,"caption":"Ydalir"},"image":{"@id":"https:\/\/ydalir.fr\/#\/schema\/logo\/image\/"}}]}},"jetpack-related-posts":[{"id":1199,"url":"https:\/\/ydalir.fr\/index.php\/rituels\/","url_meta":{"origin":1759,"position":0},"title":"Rituels","author":"Ydalir","date":"26 mai 2022","format":false,"excerpt":"Les rituels sont des actes symboliques et sacr\u00e9s \u00e0 effets variables. Malheureusement rel\u00e9gu\u00e9s \u00e0 de la superstition dans nos soci\u00e9t\u00e9s occidentales, ils sont pourtant d'une grande efficacit\u00e9 pour atteindre de nombreux objectifs d'am\u00e9lioration de soi et de mieux \u00eatre. Des rituels, pour quoi faire ? Outre leurs effets \u00e9nerg\u00e9tiques majeurs,\u2026","rel":"","context":"Article similaire","block_context":{"text":"Article similaire","link":""},"img":{"alt_text":"Entit\u00e9 exorcis\u00e9e, bannie du corps","src":"https:\/\/i0.wp.com\/ydalir.fr\/wp-content\/uploads\/2022\/05\/pexels-photo-2449605.jpg?resize=350%2C200&ssl=1","width":350,"height":200,"srcset":"https:\/\/i0.wp.com\/ydalir.fr\/wp-content\/uploads\/2022\/05\/pexels-photo-2449605.jpg?resize=350%2C200&ssl=1 1x, https:\/\/i0.wp.com\/ydalir.fr\/wp-content\/uploads\/2022\/05\/pexels-photo-2449605.jpg?resize=525%2C300&ssl=1 1.5x, https:\/\/i0.wp.com\/ydalir.fr\/wp-content\/uploads\/2022\/05\/pexels-photo-2449605.jpg?resize=700%2C400&ssl=1 2x"},"classes":[]},{"id":1767,"url":"https:\/\/ydalir.fr\/index.php\/soins-et-guerison\/","url_meta":{"origin":1759,"position":1},"title":"Soins et gu\u00e9rison","author":"Ydalir","date":"15 ao\u00fbt 2025","format":false,"excerpt":"Magn\u00e9tisme, soin des maux physiques et psychiques, harmonisation \u00e9nerg\u00e9tique, \u00e9limination des blocages, n\u00e9gativit\u00e9s et autres nuisances, bannissement et exorcisme des entit\u00e9s parasites. Ici vous trouverez de quoi vous soigner et vous r\u00e9\u00e9quilibrer tant physiquement que spirituellement. Soins \u00e9nerg\u00e9tiques Lib\u00e9ration des m\u00e9moires ant\u00e9rieures Bannissement d\u2019entit\u00e9s et exorcisme","rel":"","context":"Article similaire","block_context":{"text":"Article similaire","link":""},"img":{"alt_text":"Aurore bor\u00e9ale","src":"https:\/\/i0.wp.com\/ydalir.fr\/wp-content\/uploads\/2021\/02\/Aurore_magnetisme-e1627139606937.jpg?resize=350%2C200&ssl=1","width":350,"height":200,"srcset":"https:\/\/i0.wp.com\/ydalir.fr\/wp-content\/uploads\/2021\/02\/Aurore_magnetisme-e1627139606937.jpg?resize=350%2C200&ssl=1 1x, https:\/\/i0.wp.com\/ydalir.fr\/wp-content\/uploads\/2021\/02\/Aurore_magnetisme-e1627139606937.jpg?resize=525%2C300&ssl=1 1.5x, https:\/\/i0.wp.com\/ydalir.fr\/wp-content\/uploads\/2021\/02\/Aurore_magnetisme-e1627139606937.jpg?resize=700%2C400&ssl=1 2x, https:\/\/i0.wp.com\/ydalir.fr\/wp-content\/uploads\/2021\/02\/Aurore_magnetisme-e1627139606937.jpg?resize=1050%2C600&ssl=1 3x, https:\/\/i0.wp.com\/ydalir.fr\/wp-content\/uploads\/2021\/02\/Aurore_magnetisme-e1627139606937.jpg?resize=1400%2C800&ssl=1 4x"},"classes":[]},{"id":1089,"url":"https:\/\/ydalir.fr\/index.php\/les-rituels-expliques\/","url_meta":{"origin":1759,"position":2},"title":"Les rituels expliqu\u00e9s","author":"Ydalir","date":"26 mai 2022","format":false,"excerpt":"\u00c0 travers les cultures et les \u00e2ges, les soci\u00e9t\u00e9s humaines ont toujours int\u00e9gr\u00e9s des rituels sous une forme ou une autre. Ils sont l\u00e0 pour nous aider, nous guider ou nous faire passer une \u00e9tape de vie. Le rituel dispose de cette force qui peut faire bouger les lignes, d\u00e9bloquer\u2026","rel":"","context":"Article similaire","block_context":{"text":"Article similaire","link":""},"img":{"alt_text":"Volutes de fum\u00e9e d'encens rituel","src":"https:\/\/i0.wp.com\/ydalir.fr\/wp-content\/uploads\/2022\/02\/pexels-photo-4031381.jpeg?resize=350%2C200&ssl=1","width":350,"height":200,"srcset":"https:\/\/i0.wp.com\/ydalir.fr\/wp-content\/uploads\/2022\/02\/pexels-photo-4031381.jpeg?resize=350%2C200&ssl=1 1x, https:\/\/i0.wp.com\/ydalir.fr\/wp-content\/uploads\/2022\/02\/pexels-photo-4031381.jpeg?resize=525%2C300&ssl=1 1.5x, https:\/\/i0.wp.com\/ydalir.fr\/wp-content\/uploads\/2022\/02\/pexels-photo-4031381.jpeg?resize=700%2C400&ssl=1 2x"},"classes":[]},{"id":1662,"url":"https:\/\/ydalir.fr\/index.php\/la-voie-des-anciens\/","url_meta":{"origin":1759,"position":3},"title":"La Voie des Anciens : un coach de vie, accompagnateur de votre destin\u00e9e","author":"Ydalir","date":"15 ao\u00fbt 2025","format":false,"excerpt":"Conform\u00e9ment \u00e0 son r\u00f4le traditionnel, un chamane est aussi un accompagnateur ou un conseiller de vie. De nos jours, il est appel\u00e9 \"coach de vie\". Personnellement, je pr\u00e9f\u00e8re celui d'accompagnateur de vie, dans la mesure o\u00f9 mon domaine de comp\u00e9tence est transverse. Il se situe aussi bien dans la sph\u00e8re\u2026","rel":"","context":"Article similaire","block_context":{"text":"Article similaire","link":""},"img":{"alt_text":"","src":"https:\/\/i0.wp.com\/ydalir.fr\/wp-content\/uploads\/2025\/07\/image.png?resize=350%2C200&ssl=1","width":350,"height":200,"srcset":"https:\/\/i0.wp.com\/ydalir.fr\/wp-content\/uploads\/2025\/07\/image.png?resize=350%2C200&ssl=1 1x, https:\/\/i0.wp.com\/ydalir.fr\/wp-content\/uploads\/2025\/07\/image.png?resize=525%2C300&ssl=1 1.5x, https:\/\/i0.wp.com\/ydalir.fr\/wp-content\/uploads\/2025\/07\/image.png?resize=700%2C400&ssl=1 2x"},"classes":[]},{"id":6,"url":"https:\/\/ydalir.fr\/index.php\/qui-suis-je\/","url_meta":{"origin":1759,"position":4},"title":"Qui suis-je ?","author":"Ydalir","date":"8 juillet 2016","format":false,"excerpt":"Qui est l'homme derri\u00e8re le clavier ? Je suis un homme dans la trentaine, menant une vie banale. Je ne suis donc ni sp\u00e9cial ni extraordinaire. Je ne suis pas un ma\u00eetre, ni un gourou. Juste quelqu'un de bienveillant envers son prochain qui essaye d'am\u00e9liorer, comme il le peut, le\u2026","rel":"","context":"Article similaire","block_context":{"text":"Article similaire","link":""},"img":{"alt_text":"Corbeaux","src":"https:\/\/i0.wp.com\/ydalir.fr\/wp-content\/uploads\/2021\/07\/Corbeaux.jpg?resize=350%2C200&ssl=1","width":350,"height":200,"srcset":"https:\/\/i0.wp.com\/ydalir.fr\/wp-content\/uploads\/2021\/07\/Corbeaux.jpg?resize=350%2C200&ssl=1 1x, https:\/\/i0.wp.com\/ydalir.fr\/wp-content\/uploads\/2021\/07\/Corbeaux.jpg?resize=525%2C300&ssl=1 1.5x, https:\/\/i0.wp.com\/ydalir.fr\/wp-content\/uploads\/2021\/07\/Corbeaux.jpg?resize=700%2C400&ssl=1 2x"},"classes":[]},{"id":419,"url":"https:\/\/ydalir.fr\/","url_meta":{"origin":1759,"position":5},"title":"Chamane, magn\u00e9tiseur et runiste : soins \u00e9nerg\u00e9tiques, runes, voyance, rituels et magie","author":"Ydalir","date":"17 juillet 2016","format":false,"excerpt":"Chamane et magn\u00e9tiseur, je suis \u00e0 votre service pour vous soulager et vous soutenir sur les flots tumultueux de la vie. Je pratique le soin par magn\u00e9tisme depuis l'\u00e2ge de 17 ans. J'utilise les runes conjointement \u00e0 une pratique instinctive et intuitive. Mon approche est donc guid\u00e9e par une sensibilit\u00e9\u2026","rel":"","context":"Article similaire","block_context":{"text":"Article similaire","link":""},"img":{"alt_text":"Chamane op\u00e9rant un rituel","src":"https:\/\/i0.wp.com\/ydalir.fr\/wp-content\/uploads\/2021\/07\/Chamane-nordique.jpg?resize=350%2C200&ssl=1","width":350,"height":200},"classes":[]}],"jetpack_sharing_enabled":true,"jetpack_likes_enabled":true,"_links":{"self":[{"href":"https:\/\/ydalir.fr\/index.php\/wp-json\/wp\/v2\/pages\/1759","targetHints":{"allow":["GET"]}}],"collection":[{"href":"https:\/\/ydalir.fr\/index.php\/wp-json\/wp\/v2\/pages"}],"about":[{"href":"https:\/\/ydalir.fr\/index.php\/wp-json\/wp\/v2\/types\/page"}],"author":[{"embeddable":true,"href":"https:\/\/ydalir.fr\/index.php\/wp-json\/wp\/v2\/users\/1"}],"replies":[{"embeddable":true,"href":"https:\/\/ydalir.fr\/index.php\/wp-json\/wp\/v2\/comments?post=1759"}],"version-history":[{"count":8,"href":"https:\/\/ydalir.fr\/index.php\/wp-json\/wp\/v2\/pages\/1759\/revisions"}],"predecessor-version":[{"id":1791,"href":"https:\/\/ydalir.fr\/index.php\/wp-json\/wp\/v2\/pages\/1759\/revisions\/1791"}],"wp:attachment":[{"href":"https:\/\/ydalir.fr\/index.php\/wp-json\/wp\/v2\/media?parent=1759"}],"curies":[{"name":"wp","href":"https:\/\/api.w.org\/{rel}","templated":true}]}}