{"id":1662,"date":"2025-08-15T15:28:45","date_gmt":"2025-08-15T13:28:45","guid":{"rendered":"https:\/\/ydalir.fr\/?page_id=1662"},"modified":"2025-08-29T17:04:45","modified_gmt":"2025-08-29T15:04:45","slug":"la-voie-des-anciens","status":"publish","type":"page","link":"https:\/\/ydalir.fr\/index.php\/la-voie-des-anciens\/","title":{"rendered":"La Voie des Anciens : un coach de vie, accompagnateur de votre destin\u00e9e"},"content":{"rendered":"\n<figure class=\"wp-block-image alignright size-full is-resized is-style-rounded\"><img data-recalc-dims=\"1\" loading=\"lazy\" decoding=\"async\" width=\"900\" height=\"675\" src=\"https:\/\/i0.wp.com\/ydalir.fr\/wp-content\/uploads\/2025\/07\/image.png?resize=900%2C675&#038;ssl=1\" alt=\"\" class=\"wp-image-1694\" style=\"width:474px;height:auto\" srcset=\"https:\/\/i0.wp.com\/ydalir.fr\/wp-content\/uploads\/2025\/07\/image.png?w=1024&amp;ssl=1 1024w, https:\/\/i0.wp.com\/ydalir.fr\/wp-content\/uploads\/2025\/07\/image.png?resize=300%2C225&amp;ssl=1 300w, https:\/\/i0.wp.com\/ydalir.fr\/wp-content\/uploads\/2025\/07\/image.png?resize=768%2C576&amp;ssl=1 768w\" sizes=\"auto, (max-width: 900px) 100vw, 900px\" \/><\/figure>\n\n\n\n<p class=\"has-medium-font-size\">Conform\u00e9ment \u00e0 son r\u00f4le traditionnel, un chamane est aussi un accompagnateur ou un conseiller de vie. De nos jours, il est appel\u00e9 \u00ab\u00a0coach de vie\u00a0\u00bb. Personnellement, je pr\u00e9f\u00e8re celui d&rsquo;accompagnateur de vie, dans la mesure o\u00f9 mon domaine de comp\u00e9tence est transverse. Il se situe aussi bien dans la sph\u00e8re mat\u00e9rielle que spirituelle, car celles-ci sont interconnect\u00e9es. En utilisant mes capacit\u00e9s chamaniques, je peux vous \u00eatre utile pour :<\/p>\n\n\n\n<ul class=\"wp-block-list\">\n<li>une aide \u00e0 la d\u00e9cision ;<\/li>\n\n\n\n<li>d\u00e9m\u00ealer des incertitudes ;<\/li>\n\n\n\n<li>comprendre certaines situations de vie et leur donner du sens;<\/li>\n\n\n\n<li>apporter une assistance pour atteindre des objectifs difficiles ;<\/li>\n\n\n\n<li>vous aider \u00e0 vous sortir d&rsquo;une situation p\u00e9nible ;<\/li>\n\n\n\n<li>mieux appr\u00e9hender sa destin\u00e9e ;<\/li>\n\n\n\n<li>vous aiguiller sur des choix difficiles. <\/li>\n<\/ul>\n\n\n\n<p class=\"has-medium-font-size\">Mes capacit\u00e9s d&rsquo;analyse, d&rsquo;intuition et de discernement sont \u00e0 votre disposition.<\/p>\n\n\n\n<h2 class=\"wp-block-heading\">Qu&rsquo;est-ce qu&rsquo;un accompagnateur ou coach de vie ?<\/h2>\n\n\n\n<p>Je suis conscient que le mot \u00ab\u00a0coach de vie\u00a0\u00bb peut \u00eatre un anglicisme qui donnera de l&rsquo;urticaire \u00e0 plus d&rsquo;une personne. A celles-ci, je vous prie de bien vouloir m&rsquo;en excuser (c&rsquo;est aussi mon cas). Je l&#8217;emploie \u00e0 des fins de compr\u00e9hension, pour que tout le monde puisse comprendre de quoi on parle. L&rsquo;accompagnateur de vie, comme je pr\u00e9f\u00e8re l&rsquo;appeler, est une personne dot\u00e9e d&rsquo;une certaine sagacit\u00e9. Il utilise ses capacit\u00e9s de discernement et de prise de recul pour apporter une lumi\u00e8re nouvelle sur une situation. Par des propositions pertinentes et sur-mesure, il pr\u00e9sente un chemin pour am\u00e9liorer ou se sortir de la situation. Cela peut \u00eatre pour une situation g\u00e9n\u00e9rale ou particuli\u00e8re, tr\u00e8s vaste comme tr\u00e8s pr\u00e9cise.<\/p>\n\n\n\n<h2 class=\"wp-block-heading\">Pourquoi faire appel \u00e0 un coach de vie ?<\/h2>\n\n\n\n<figure class=\"wp-block-image alignleft size-full is-resized is-style-rounded\"><img data-recalc-dims=\"1\" loading=\"lazy\" decoding=\"async\" width=\"900\" height=\"600\" src=\"https:\/\/i0.wp.com\/ydalir.fr\/wp-content\/uploads\/2025\/06\/Desespoir-pourquoi-avoir-besoin-dun-coach-de-vie.jpg?resize=900%2C600&#038;ssl=1\" alt=\"\" class=\"wp-image-1681\" style=\"aspect-ratio:0.75;object-fit:cover;width:224px;height:auto\" srcset=\"https:\/\/i0.wp.com\/ydalir.fr\/wp-content\/uploads\/2025\/06\/Desespoir-pourquoi-avoir-besoin-dun-coach-de-vie.jpg?w=1920&amp;ssl=1 1920w, https:\/\/i0.wp.com\/ydalir.fr\/wp-content\/uploads\/2025\/06\/Desespoir-pourquoi-avoir-besoin-dun-coach-de-vie.jpg?resize=300%2C200&amp;ssl=1 300w, https:\/\/i0.wp.com\/ydalir.fr\/wp-content\/uploads\/2025\/06\/Desespoir-pourquoi-avoir-besoin-dun-coach-de-vie.jpg?resize=1024%2C683&amp;ssl=1 1024w, https:\/\/i0.wp.com\/ydalir.fr\/wp-content\/uploads\/2025\/06\/Desespoir-pourquoi-avoir-besoin-dun-coach-de-vie.jpg?resize=768%2C512&amp;ssl=1 768w, https:\/\/i0.wp.com\/ydalir.fr\/wp-content\/uploads\/2025\/06\/Desespoir-pourquoi-avoir-besoin-dun-coach-de-vie.jpg?resize=1536%2C1024&amp;ssl=1 1536w, https:\/\/i0.wp.com\/ydalir.fr\/wp-content\/uploads\/2025\/06\/Desespoir-pourquoi-avoir-besoin-dun-coach-de-vie.jpg?resize=1800%2C1200&amp;ssl=1 1800w\" sizes=\"auto, (max-width: 900px) 100vw, 900px\" \/><\/figure>\n\n\n\n<p>Il arrive des situations o\u00f9 l&rsquo;on se sent perdu, d\u00e9sorient\u00e9, d\u00e9sempar\u00e9. Certaines situations peuvent conduire \u00e0 un sentiment de solitude ou d&rsquo;\u00eatre face \u00e0 un obstacle insurmontable. Souvent, ces passages difficiles de la vie sont n\u00e9cessaires et incontournables. Un accompagnateur ou coach de vie pourra vous faire changer de perception sur certaines situations de vie. Ainsi serez \u00e0 m\u00eame de mieux vivre cette derni\u00e8re. A l&rsquo;aune de ma propre exp\u00e9rience en tant que gu\u00e9risseur, je suis en mesure de vous conseiller et de vous accompagner \u00e0 surmonter ces moments d\u00e9licats. Outre vous proposer des approches diff\u00e9rentes, je vous aide \u00e0 mettre en place des objectifs clairs en \u00e9tapes progressives. Ainsi, progressivement, vous atteindrez le r\u00e9sultat ou la destination souhait\u00e9e.<\/p>\n\n\n\n<p>J&rsquo;utilise \u00e0 la fois une d\u00e9marche analytique rationnelle que je compl\u00e8te avec une approche plus intuitive. Vous l&rsquo;aurez compris : je ne pratique pas du coaching comme on l&rsquo;entend habituellement. Ma principale force est que j&rsquo;utilise ma connexion aux Puissances divines et mon lien personnel avec les forces runiques. Ainsi, je peux questionner les runes ou entrer en relation avec les Puissances ancestrales. Cela compl\u00e8te mes analyses et d\u00e9m\u00eale certaines situations particuli\u00e8rement complexes. Par cette approche, nous atteignons les racines des forces en jeu. Ces deux approches sont compl\u00e9mentaires et vous trouverez peu de protocoles aussi complets.<\/p>\n\n\n\n<h2 class=\"wp-block-heading\">Comment se passe un projet d&rsquo;accompagnement (ou de coaching) ?<\/h2>\n\n\n\n<p>Dans un premier temps, nous discutons ensemble de la situation et de la mani\u00e8re dont elle s&rsquo;est install\u00e9e. Ensuite, nous explorons ensemble des pistes d&rsquo;am\u00e9lioration pour en d\u00e9gager les plus pertinentes. Cela fait, nous fixons des objectifs r\u00e9alistes et progressifs. De l\u00e0, nous pourrons envisager des changements adapt\u00e9s dans vos habitudes de vie.  En parall\u00e8le, nous pouvons solliciter les Puissances et les Forces runiques. Par exemple, combiner avec des consultations oraculaires runiques. De m\u00eame, des <a href=\"https:\/\/ydalir.fr\/index.php\/soins-energetiques\/\">soins <\/a>sp\u00e9cifiques et adapt\u00e9s peuvent venir en suppl\u00e9ment pour nettoyer et supprimer certains blocages psychiques et \u00e9nerg\u00e9tiques. Les s\u00e9ances d&rsquo;ordre spirituelles et celles d&rsquo;analyses s&rsquo;intercalent pour conjuguer leurs effets. Gardons \u00e0 l&rsquo;esprit que le mental, l&rsquo;\u00e2me et le corps sont \u00e9troitement li\u00e9s. Ce protocole se veut ainsi complet et holistique. Le but est de rectifier tous les plans de l&rsquo;\u00eatre pour l&rsquo;aligner avec le r\u00e9sultat recherch\u00e9.<\/p>\n\n\n\n<h2 class=\"wp-block-heading\">Un travail en tandem<\/h2>\n\n\n\n<p>Je peux vous accompagner, pas d&#8217;emprunter la voie \u00e0 votre place. C&rsquo;est donc un travail de collaboration \u00e0 deux. Je ne fais que r\u00e9v\u00e9ler un potentiel, des ressources qui pr\u00e9existent au sein de votre \u00eatre. Aussi, ce protocole vous demandera du travail et de la remise en question. Mais il s&rsquo;agit d&rsquo;un effort salutaire et durable qui peut litt\u00e9ralement changer votre vie. Vous \u00eates le pilote de votre propre embarcation. Je ne suis qu&rsquo;un navigateur conseiller qui vous aidera \u00e0 rep\u00e9rer de nouveaux phares, de nouvelles constellations et vous r\u00e9v\u00e9ler des r\u00e9cifs inconnus afin que vous arriviez \u00e0 bon port.<\/p>\n\n\n\n<p class=\"has-text-align-center has-medium-font-size\">\u00cates-vous pr\u00eat \u00e0 relever le d\u00e9fi pour naviguer par vous m\u00eame sur l&rsquo;oc\u00e9an de votre vie ? N&rsquo;h\u00e9sitez plus :<\/p>\n\n\n\n<div class=\"wp-block-buttons has-custom-font-size has-large-font-size is-content-justification-center is-layout-flex wp-container-core-buttons-is-layout-16018d1d wp-block-buttons-is-layout-flex\" style=\"border-radius:76px\">\n<div class=\"wp-block-button\"><a class=\"wp-block-button__link has-large-font-size has-custom-font-size wp-element-button\" href=\"https:\/\/ydalir.fr\/index.php\/contact-chamane-magnetiseur-en-correze\/\" style=\"border-radius:76px\">Prenez rendez-vous<\/a><\/div>\n<\/div>\n\n\n\n<p class=\"has-text-align-center has-medium-font-size\">Que les Puissances vous gardent et vous m\u00e8nent \u00e0 bon port !<\/p>\n\n\n\n<figure class=\"wp-block-image aligncenter size-large is-resized is-style-rounded\"><img data-recalc-dims=\"1\" loading=\"lazy\" decoding=\"async\" width=\"900\" height=\"599\" src=\"https:\/\/i0.wp.com\/ydalir.fr\/wp-content\/uploads\/2025\/07\/drakkar-2847279_1920.jpg?resize=900%2C599&#038;ssl=1\" alt=\"\" class=\"wp-image-1690\" style=\"width:432px;height:auto\" srcset=\"https:\/\/i0.wp.com\/ydalir.fr\/wp-content\/uploads\/2025\/07\/drakkar-2847279_1920.jpg?resize=1024%2C682&amp;ssl=1 1024w, https:\/\/i0.wp.com\/ydalir.fr\/wp-content\/uploads\/2025\/07\/drakkar-2847279_1920.jpg?resize=300%2C200&amp;ssl=1 300w, https:\/\/i0.wp.com\/ydalir.fr\/wp-content\/uploads\/2025\/07\/drakkar-2847279_1920.jpg?resize=768%2C512&amp;ssl=1 768w, https:\/\/i0.wp.com\/ydalir.fr\/wp-content\/uploads\/2025\/07\/drakkar-2847279_1920.jpg?resize=1536%2C1023&amp;ssl=1 1536w, https:\/\/i0.wp.com\/ydalir.fr\/wp-content\/uploads\/2025\/07\/drakkar-2847279_1920.jpg?resize=1800%2C1199&amp;ssl=1 1800w, https:\/\/i0.wp.com\/ydalir.fr\/wp-content\/uploads\/2025\/07\/drakkar-2847279_1920.jpg?w=1920&amp;ssl=1 1920w\" sizes=\"auto, (max-width: 900px) 100vw, 900px\" \/><\/figure>\n","protected":false},"excerpt":{"rendered":"<p>Conform\u00e9ment \u00e0 son r\u00f4le traditionnel, un chamane est aussi un accompagnateur ou un conseiller de vie. De nos jours, il est appel\u00e9 \u00ab\u00a0coach de vie\u00a0\u00bb. [&#8230;]<\/p>\n","protected":false},"author":1,"featured_media":0,"parent":0,"menu_order":0,"comment_status":"closed","ping_status":"closed","template":"","meta":{"footnotes":""},"class_list":["post-1662","page","type-page","status-publish","hentry"],"yoast_head":"<!-- This site is optimized with the Yoast SEO plugin v26.5 - https:\/\/yoast.com\/wordpress\/plugins\/seo\/ -->\n<title>La Voie des Anciens : un coach de vie, accompagnateur de votre destin\u00e9e -<\/title>\n<meta name=\"description\" content=\"Le chamane est un &quot;coach de vie&quot; des soci\u00e9t\u00e9s traditionnelles. Ydalir vous propose ses solutions d&#039;accompagnement.\" \/>\n<meta name=\"robots\" content=\"index, follow, max-snippet:-1, max-image-preview:large, max-video-preview:-1\" \/>\n<link rel=\"canonical\" href=\"https:\/\/ydalir.fr\/index.php\/la-voie-des-anciens\/\" \/>\n<meta property=\"og:locale\" content=\"fr_FR\" \/>\n<meta property=\"og:type\" content=\"article\" \/>\n<meta property=\"og:title\" content=\"La Voie des Anciens : un coach de vie, accompagnateur de votre destin\u00e9e -\" \/>\n<meta property=\"og:description\" content=\"Le chamane est un &quot;coach de vie&quot; des soci\u00e9t\u00e9s traditionnelles. Ydalir vous propose ses solutions d&#039;accompagnement.\" \/>\n<meta property=\"og:url\" content=\"https:\/\/ydalir.fr\/index.php\/la-voie-des-anciens\/\" \/>\n<meta property=\"og:site_name\" content=\"Ydalir\" \/>\n<meta property=\"article:modified_time\" content=\"2025-08-29T15:04:45+00:00\" \/>\n<meta property=\"og:image\" content=\"https:\/\/ydalir.fr\/wp-content\/uploads\/2025\/07\/image.png\" \/>\n<meta name=\"twitter:card\" content=\"summary_large_image\" \/>\n<meta name=\"twitter:label1\" content=\"Dur\u00e9e de lecture estim\u00e9e\" \/>\n\t<meta name=\"twitter:data1\" content=\"5 minutes\" \/>\n<script type=\"application\/ld+json\" class=\"yoast-schema-graph\">{\"@context\":\"https:\/\/schema.org\",\"@graph\":[{\"@type\":\"WebPage\",\"@id\":\"https:\/\/ydalir.fr\/index.php\/la-voie-des-anciens\/\",\"url\":\"https:\/\/ydalir.fr\/index.php\/la-voie-des-anciens\/\",\"name\":\"La Voie des Anciens : un coach de vie, accompagnateur de votre destin\u00e9e -\",\"isPartOf\":{\"@id\":\"https:\/\/ydalir.fr\/#website\"},\"primaryImageOfPage\":{\"@id\":\"https:\/\/ydalir.fr\/index.php\/la-voie-des-anciens\/#primaryimage\"},\"image\":{\"@id\":\"https:\/\/ydalir.fr\/index.php\/la-voie-des-anciens\/#primaryimage\"},\"thumbnailUrl\":\"https:\/\/ydalir.fr\/wp-content\/uploads\/2025\/07\/image.png\",\"datePublished\":\"2025-08-15T13:28:45+00:00\",\"dateModified\":\"2025-08-29T15:04:45+00:00\",\"description\":\"Le chamane est un \\\"coach de vie\\\" des soci\u00e9t\u00e9s traditionnelles. Ydalir vous propose ses solutions d'accompagnement.\",\"breadcrumb\":{\"@id\":\"https:\/\/ydalir.fr\/index.php\/la-voie-des-anciens\/#breadcrumb\"},\"inLanguage\":\"fr-FR\",\"potentialAction\":[{\"@type\":\"ReadAction\",\"target\":[\"https:\/\/ydalir.fr\/index.php\/la-voie-des-anciens\/\"]}]},{\"@type\":\"ImageObject\",\"inLanguage\":\"fr-FR\",\"@id\":\"https:\/\/ydalir.fr\/index.php\/la-voie-des-anciens\/#primaryimage\",\"url\":\"https:\/\/i0.wp.com\/ydalir.fr\/wp-content\/uploads\/2025\/07\/image.png?fit=1024%2C768&ssl=1\",\"contentUrl\":\"https:\/\/i0.wp.com\/ydalir.fr\/wp-content\/uploads\/2025\/07\/image.png?fit=1024%2C768&ssl=1\",\"width\":1024,\"height\":768},{\"@type\":\"BreadcrumbList\",\"@id\":\"https:\/\/ydalir.fr\/index.php\/la-voie-des-anciens\/#breadcrumb\",\"itemListElement\":[{\"@type\":\"ListItem\",\"position\":1,\"name\":\"Accueil\",\"item\":\"https:\/\/ydalir.fr\/\"},{\"@type\":\"ListItem\",\"position\":2,\"name\":\"La Voie des Anciens : un coach de vie, accompagnateur de votre destin\u00e9e\"}]},{\"@type\":\"WebSite\",\"@id\":\"https:\/\/ydalir.fr\/#website\",\"url\":\"https:\/\/ydalir.fr\/\",\"name\":\"Ydalir\",\"description\":\"Chamane Viking\",\"publisher\":{\"@id\":\"https:\/\/ydalir.fr\/#organization\"},\"potentialAction\":[{\"@type\":\"SearchAction\",\"target\":{\"@type\":\"EntryPoint\",\"urlTemplate\":\"https:\/\/ydalir.fr\/?s={search_term_string}\"},\"query-input\":{\"@type\":\"PropertyValueSpecification\",\"valueRequired\":true,\"valueName\":\"search_term_string\"}}],\"inLanguage\":\"fr-FR\"},{\"@type\":\"Organization\",\"@id\":\"https:\/\/ydalir.fr\/#organization\",\"name\":\"Ydalir\",\"url\":\"https:\/\/ydalir.fr\/\",\"logo\":{\"@type\":\"ImageObject\",\"inLanguage\":\"fr-FR\",\"@id\":\"https:\/\/ydalir.fr\/#\/schema\/logo\/image\/\",\"url\":\"https:\/\/i0.wp.com\/ydalir.fr\/wp-content\/uploads\/2020\/05\/cropped-Vegvisir-HD_site.jpg?fit=120%2C120&ssl=1\",\"contentUrl\":\"https:\/\/i0.wp.com\/ydalir.fr\/wp-content\/uploads\/2020\/05\/cropped-Vegvisir-HD_site.jpg?fit=120%2C120&ssl=1\",\"width\":120,\"height\":120,\"caption\":\"Ydalir\"},\"image\":{\"@id\":\"https:\/\/ydalir.fr\/#\/schema\/logo\/image\/\"}}]}<\/script>\n<!-- \/ Yoast SEO plugin. -->","yoast_head_json":{"title":"La Voie des Anciens : un coach de vie, accompagnateur de votre destin\u00e9e -","description":"Le chamane est un \"coach de vie\" des soci\u00e9t\u00e9s traditionnelles. Ydalir vous propose ses solutions d'accompagnement.","robots":{"index":"index","follow":"follow","max-snippet":"max-snippet:-1","max-image-preview":"max-image-preview:large","max-video-preview":"max-video-preview:-1"},"canonical":"https:\/\/ydalir.fr\/index.php\/la-voie-des-anciens\/","og_locale":"fr_FR","og_type":"article","og_title":"La Voie des Anciens : un coach de vie, accompagnateur de votre destin\u00e9e -","og_description":"Le chamane est un \"coach de vie\" des soci\u00e9t\u00e9s traditionnelles. Ydalir vous propose ses solutions d'accompagnement.","og_url":"https:\/\/ydalir.fr\/index.php\/la-voie-des-anciens\/","og_site_name":"Ydalir","article_modified_time":"2025-08-29T15:04:45+00:00","og_image":[{"url":"https:\/\/ydalir.fr\/wp-content\/uploads\/2025\/07\/image.png","type":"","width":"","height":""}],"twitter_card":"summary_large_image","twitter_misc":{"Dur\u00e9e de lecture estim\u00e9e":"5 minutes"},"schema":{"@context":"https:\/\/schema.org","@graph":[{"@type":"WebPage","@id":"https:\/\/ydalir.fr\/index.php\/la-voie-des-anciens\/","url":"https:\/\/ydalir.fr\/index.php\/la-voie-des-anciens\/","name":"La Voie des Anciens : un coach de vie, accompagnateur de votre destin\u00e9e -","isPartOf":{"@id":"https:\/\/ydalir.fr\/#website"},"primaryImageOfPage":{"@id":"https:\/\/ydalir.fr\/index.php\/la-voie-des-anciens\/#primaryimage"},"image":{"@id":"https:\/\/ydalir.fr\/index.php\/la-voie-des-anciens\/#primaryimage"},"thumbnailUrl":"https:\/\/ydalir.fr\/wp-content\/uploads\/2025\/07\/image.png","datePublished":"2025-08-15T13:28:45+00:00","dateModified":"2025-08-29T15:04:45+00:00","description":"Le chamane est un \"coach de vie\" des soci\u00e9t\u00e9s traditionnelles. Ydalir vous propose ses solutions d'accompagnement.","breadcrumb":{"@id":"https:\/\/ydalir.fr\/index.php\/la-voie-des-anciens\/#breadcrumb"},"inLanguage":"fr-FR","potentialAction":[{"@type":"ReadAction","target":["https:\/\/ydalir.fr\/index.php\/la-voie-des-anciens\/"]}]},{"@type":"ImageObject","inLanguage":"fr-FR","@id":"https:\/\/ydalir.fr\/index.php\/la-voie-des-anciens\/#primaryimage","url":"https:\/\/i0.wp.com\/ydalir.fr\/wp-content\/uploads\/2025\/07\/image.png?fit=1024%2C768&ssl=1","contentUrl":"https:\/\/i0.wp.com\/ydalir.fr\/wp-content\/uploads\/2025\/07\/image.png?fit=1024%2C768&ssl=1","width":1024,"height":768},{"@type":"BreadcrumbList","@id":"https:\/\/ydalir.fr\/index.php\/la-voie-des-anciens\/#breadcrumb","itemListElement":[{"@type":"ListItem","position":1,"name":"Accueil","item":"https:\/\/ydalir.fr\/"},{"@type":"ListItem","position":2,"name":"La Voie des Anciens : un coach de vie, accompagnateur de votre destin\u00e9e"}]},{"@type":"WebSite","@id":"https:\/\/ydalir.fr\/#website","url":"https:\/\/ydalir.fr\/","name":"Ydalir","description":"Chamane Viking","publisher":{"@id":"https:\/\/ydalir.fr\/#organization"},"potentialAction":[{"@type":"SearchAction","target":{"@type":"EntryPoint","urlTemplate":"https:\/\/ydalir.fr\/?s={search_term_string}"},"query-input":{"@type":"PropertyValueSpecification","valueRequired":true,"valueName":"search_term_string"}}],"inLanguage":"fr-FR"},{"@type":"Organization","@id":"https:\/\/ydalir.fr\/#organization","name":"Ydalir","url":"https:\/\/ydalir.fr\/","logo":{"@type":"ImageObject","inLanguage":"fr-FR","@id":"https:\/\/ydalir.fr\/#\/schema\/logo\/image\/","url":"https:\/\/i0.wp.com\/ydalir.fr\/wp-content\/uploads\/2020\/05\/cropped-Vegvisir-HD_site.jpg?fit=120%2C120&ssl=1","contentUrl":"https:\/\/i0.wp.com\/ydalir.fr\/wp-content\/uploads\/2020\/05\/cropped-Vegvisir-HD_site.jpg?fit=120%2C120&ssl=1","width":120,"height":120,"caption":"Ydalir"},"image":{"@id":"https:\/\/ydalir.fr\/#\/schema\/logo\/image\/"}}]}},"jetpack-related-posts":[{"id":419,"url":"https:\/\/ydalir.fr\/","url_meta":{"origin":1662,"position":0},"title":"Chamane, magn\u00e9tiseur et runiste : soins \u00e9nerg\u00e9tiques, runes, voyance, rituels et magie","author":"Ydalir","date":"17 juillet 2016","format":false,"excerpt":"Chamane et magn\u00e9tiseur, je suis \u00e0 votre service pour vous soulager et vous soutenir sur les flots tumultueux de la vie. Je pratique le soin par magn\u00e9tisme depuis l'\u00e2ge de 17 ans. J'utilise les runes conjointement \u00e0 une pratique instinctive et intuitive. Mon approche est donc guid\u00e9e par une sensibilit\u00e9\u2026","rel":"","context":"Article similaire","block_context":{"text":"Article similaire","link":""},"img":{"alt_text":"Chamane op\u00e9rant un rituel","src":"https:\/\/i0.wp.com\/ydalir.fr\/wp-content\/uploads\/2021\/07\/Chamane-nordique.jpg?resize=350%2C200&ssl=1","width":350,"height":200},"classes":[]},{"id":6,"url":"https:\/\/ydalir.fr\/index.php\/qui-suis-je\/","url_meta":{"origin":1662,"position":1},"title":"Qui suis-je ?","author":"Ydalir","date":"8 juillet 2016","format":false,"excerpt":"Qui est l'homme derri\u00e8re le clavier ? Je suis un homme dans la trentaine, menant une vie banale. Je ne suis donc ni sp\u00e9cial ni extraordinaire. Je ne suis pas un ma\u00eetre, ni un gourou. Juste quelqu'un de bienveillant envers son prochain qui essaye d'am\u00e9liorer, comme il le peut, le\u2026","rel":"","context":"Article similaire","block_context":{"text":"Article similaire","link":""},"img":{"alt_text":"Corbeaux","src":"https:\/\/i0.wp.com\/ydalir.fr\/wp-content\/uploads\/2021\/07\/Corbeaux.jpg?resize=350%2C200&ssl=1","width":350,"height":200,"srcset":"https:\/\/i0.wp.com\/ydalir.fr\/wp-content\/uploads\/2021\/07\/Corbeaux.jpg?resize=350%2C200&ssl=1 1x, https:\/\/i0.wp.com\/ydalir.fr\/wp-content\/uploads\/2021\/07\/Corbeaux.jpg?resize=525%2C300&ssl=1 1.5x, https:\/\/i0.wp.com\/ydalir.fr\/wp-content\/uploads\/2021\/07\/Corbeaux.jpg?resize=700%2C400&ssl=1 2x"},"classes":[]},{"id":1759,"url":"https:\/\/ydalir.fr\/index.php\/assistance-spirituelle\/","url_meta":{"origin":1662,"position":2},"title":"Assistance spirituelle","author":"Ydalir","date":"15 ao\u00fbt 2025","format":false,"excerpt":"Voyance, divination, accompagnement spirituel ou coaching de vie. Ici vous trouverez les r\u00e9ponses \u00e0 vos questionnements existentiels. Voyant runiste : l\u2019oracle par les runes R\u00e9v\u00e9lation des eaux troubles La Voie des Anciens : un coach de vie, accompagnateur de votre destin\u00e9e","rel":"","context":"Article similaire","block_context":{"text":"Article similaire","link":""},"img":{"alt_text":"","src":"https:\/\/i0.wp.com\/ydalir.fr\/wp-content\/uploads\/2025\/07\/image-1.png?resize=350%2C200&ssl=1","width":350,"height":200,"srcset":"https:\/\/i0.wp.com\/ydalir.fr\/wp-content\/uploads\/2025\/07\/image-1.png?resize=350%2C200&ssl=1 1x, https:\/\/i0.wp.com\/ydalir.fr\/wp-content\/uploads\/2025\/07\/image-1.png?resize=525%2C300&ssl=1 1.5x, https:\/\/i0.wp.com\/ydalir.fr\/wp-content\/uploads\/2025\/07\/image-1.png?resize=700%2C400&ssl=1 2x"},"classes":[]},{"id":412,"url":"https:\/\/ydalir.fr\/index.php\/contact-chamane-magnetiseur-en-correze\/","url_meta":{"origin":1662,"position":3},"title":"Prise de contact","author":"Ydalir","date":"17 juillet 2016","format":false,"excerpt":"Vous souhaitez prendre rendez-vous ? Contactez Ydalir, chamane viking et magn\u00e9tiseur en Corr\u00e8ze 07.56.92.24.19 contact@ydalir.fr Ou formulaire ci-dessous","rel":"","context":"Article similaire","block_context":{"text":"Article similaire","link":""},"img":{"alt_text":"","src":"https:\/\/i0.wp.com\/ydalir.fr\/wp-content\/uploads\/2021\/02\/paysagenordique.jpg?resize=350%2C200&ssl=1","width":350,"height":200},"classes":[]},{"id":1161,"url":"https:\/\/ydalir.fr\/index.php\/exploration\/","url_meta":{"origin":1662,"position":4},"title":"Articles","author":"Ydalir","date":"25 f\u00e9vrier 2022","format":false,"excerpt":"Si vous souhaitez en savoir plus sur mon activit\u00e9, les sujets li\u00e9s \u00e0 l'\u00e9sot\u00e9risme nordique, les pratiques chamaniques ou tout autre sujet connexe. Si vous voulez ouvrir vos horizons et explorer une r\u00e9alit\u00e9 qui d\u00e9passe et transcende notre entendement, cette section est faite pour vous.","rel":"","context":"Article similaire","block_context":{"text":"Article similaire","link":""},"img":{"alt_text":"","src":"","width":0,"height":0},"classes":[]},{"id":1091,"url":"https:\/\/ydalir.fr\/index.php\/les-runes\/","url_meta":{"origin":1662,"position":5},"title":"Les runes","author":"Ydalir","date":"10 f\u00e9vrier 2022","format":false,"excerpt":"Les runes sont des symboles tr\u00e8s puissants, qu'il convient de ne pas invoquer \u00e0 la l\u00e9g\u00e8re. Elles sont des arch\u00e9types de forces primaires agissantes et conscientes. Connues \u00e0 travers la culture nordique, elles auraient \u00e9t\u00e9 d\u00e9couvertes, forg\u00e9es puis transmises depuis des mill\u00e9naires par les chamanes dans la culture proto-germanique puis\u2026","rel":"","context":"Article similaire","block_context":{"text":"Article similaire","link":""},"img":{"alt_text":"Les runes du FUTHARK permettent des travaux divinatoires","src":"https:\/\/i0.wp.com\/ydalir.fr\/wp-content\/uploads\/2022\/02\/pexels-photo-10110445.jpeg?resize=350%2C200&ssl=1","width":350,"height":200,"srcset":"https:\/\/i0.wp.com\/ydalir.fr\/wp-content\/uploads\/2022\/02\/pexels-photo-10110445.jpeg?resize=350%2C200&ssl=1 1x, https:\/\/i0.wp.com\/ydalir.fr\/wp-content\/uploads\/2022\/02\/pexels-photo-10110445.jpeg?resize=525%2C300&ssl=1 1.5x, https:\/\/i0.wp.com\/ydalir.fr\/wp-content\/uploads\/2022\/02\/pexels-photo-10110445.jpeg?resize=700%2C400&ssl=1 2x, https:\/\/i0.wp.com\/ydalir.fr\/wp-content\/uploads\/2022\/02\/pexels-photo-10110445.jpeg?resize=1050%2C600&ssl=1 3x, https:\/\/i0.wp.com\/ydalir.fr\/wp-content\/uploads\/2022\/02\/pexels-photo-10110445.jpeg?resize=1400%2C800&ssl=1 4x"},"classes":[]}],"jetpack_sharing_enabled":false,"jetpack_likes_enabled":false,"_links":{"self":[{"href":"https:\/\/ydalir.fr\/index.php\/wp-json\/wp\/v2\/pages\/1662","targetHints":{"allow":["GET"]}}],"collection":[{"href":"https:\/\/ydalir.fr\/index.php\/wp-json\/wp\/v2\/pages"}],"about":[{"href":"https:\/\/ydalir.fr\/index.php\/wp-json\/wp\/v2\/types\/page"}],"author":[{"embeddable":true,"href":"https:\/\/ydalir.fr\/index.php\/wp-json\/wp\/v2\/users\/1"}],"replies":[{"embeddable":true,"href":"https:\/\/ydalir.fr\/index.php\/wp-json\/wp\/v2\/comments?post=1662"}],"version-history":[{"count":35,"href":"https:\/\/ydalir.fr\/index.php\/wp-json\/wp\/v2\/pages\/1662\/revisions"}],"predecessor-version":[{"id":1864,"href":"https:\/\/ydalir.fr\/index.php\/wp-json\/wp\/v2\/pages\/1662\/revisions\/1864"}],"wp:attachment":[{"href":"https:\/\/ydalir.fr\/index.php\/wp-json\/wp\/v2\/media?parent=1662"}],"curies":[{"name":"wp","href":"https:\/\/api.w.org\/{rel}","templated":true}]}}