{"id":1324,"date":"2022-07-31T16:27:54","date_gmt":"2022-07-31T14:27:54","guid":{"rendered":"https:\/\/ydalir.fr\/?page_id=1324"},"modified":"2025-08-29T17:36:53","modified_gmt":"2025-08-29T15:36:53","slug":"liberation-des-memoires-anterieures","status":"publish","type":"page","link":"https:\/\/ydalir.fr\/index.php\/liberation-des-memoires-anterieures\/","title":{"rendered":"Lib\u00e9ration des m\u00e9moires ant\u00e9rieures"},"content":{"rendered":"\n<figure class=\"wp-block-image alignright size-large is-resized is-style-rounded\"><img data-recalc-dims=\"1\" loading=\"lazy\" decoding=\"async\" width=\"900\" height=\"617\" src=\"https:\/\/i0.wp.com\/ydalir.fr\/wp-content\/uploads\/2022\/07\/palacio-nacional-de-mafra-gb2ec547d0_1920.jpg?resize=900%2C617&#038;ssl=1\" alt=\"\u00e9tag\u00e8res livres des m\u00e9moires ant\u00e9rieures\" class=\"wp-image-1333\" style=\"width:443px;height:auto\" srcset=\"https:\/\/i0.wp.com\/ydalir.fr\/wp-content\/uploads\/2022\/07\/palacio-nacional-de-mafra-gb2ec547d0_1920.jpg?resize=1024%2C702&amp;ssl=1 1024w, https:\/\/i0.wp.com\/ydalir.fr\/wp-content\/uploads\/2022\/07\/palacio-nacional-de-mafra-gb2ec547d0_1920.jpg?resize=300%2C206&amp;ssl=1 300w, https:\/\/i0.wp.com\/ydalir.fr\/wp-content\/uploads\/2022\/07\/palacio-nacional-de-mafra-gb2ec547d0_1920.jpg?resize=768%2C526&amp;ssl=1 768w, https:\/\/i0.wp.com\/ydalir.fr\/wp-content\/uploads\/2022\/07\/palacio-nacional-de-mafra-gb2ec547d0_1920.jpg?resize=1536%2C1053&amp;ssl=1 1536w, https:\/\/i0.wp.com\/ydalir.fr\/wp-content\/uploads\/2022\/07\/palacio-nacional-de-mafra-gb2ec547d0_1920.jpg?resize=1800%2C1234&amp;ssl=1 1800w, https:\/\/i0.wp.com\/ydalir.fr\/wp-content\/uploads\/2022\/07\/palacio-nacional-de-mafra-gb2ec547d0_1920.jpg?w=1920&amp;ssl=1 1920w\" sizes=\"auto, (max-width: 900px) 100vw, 900px\" \/><\/figure>\n\n\n\n<p class=\"has-medium-font-size\">Ce type de s\u00e9ance permet d&rsquo;explorer vos diff\u00e9rentes m\u00e9moires &#8211; de votre g\u00e9n\u00e9alogie \u00e0 vos vies ant\u00e9rieures  &#8211; pour d\u00e9couvrir l&rsquo;origine potentielle d&rsquo;une maladie chronique, un handicap ou une situation persistante ou r\u00e9currente.<\/p>\n\n\n\n<div style=\"height:30px\" aria-hidden=\"true\" class=\"wp-block-spacer\"><\/div>\n\n\n\n<h2 class=\"wp-block-heading\">Que sont les m\u00e9moires ant\u00e9rieures ?<\/h2>\n\n\n\n<p>Les m\u00e9moires ant\u00e9rieures sont <strong>l&rsquo;ensemble des \u00e9l\u00e9ments pass\u00e9s qui r\u00e9sonnent en nous et constituent notre \u00eatre<\/strong>, notre personnalit\u00e9. Nous poss\u00e9dons <strong>plusieurs types de m\u00e9moires<\/strong> qui travaillent en nous :<\/p>\n\n\n\n<ul class=\"wp-block-list\">\n<li>la <strong>m\u00e9moire des \u00e9v\u00e9nements v\u00e9cus<\/strong> au cours de notre existence terrestre actuelle. Elle est port\u00e9e au niveau physique par le cerveau et la conscience sur le plan subtil ;<\/li>\n\n\n\n<li>notre <strong>m\u00e9moire g\u00e9n\u00e9tique<\/strong>, congr\u00e9gation des exp\u00e9riences v\u00e9cues et transmises par nos anc\u00eatres ;<\/li>\n\n\n\n<li>les <strong>m\u00e9moires de nos vies ant\u00e9rieures<\/strong>, port\u00e9e par notre \u00e2me.<\/li>\n<\/ul>\n\n\n\n<figure class=\"wp-block-image alignright size-medium is-resized is-style-rounded\"><img data-recalc-dims=\"1\" loading=\"lazy\" decoding=\"async\" width=\"300\" height=\"150\" src=\"https:\/\/i0.wp.com\/ydalir.fr\/wp-content\/uploads\/2022\/07\/memoire-genetique.jpg?resize=300%2C150&#038;ssl=1\" alt=\"M\u00e9moire g\u00e9n\u00e9tique\" class=\"wp-image-1335\" style=\"width:331px;height:auto\" srcset=\"https:\/\/i0.wp.com\/ydalir.fr\/wp-content\/uploads\/2022\/07\/memoire-genetique.jpg?resize=300%2C150&amp;ssl=1 300w, https:\/\/i0.wp.com\/ydalir.fr\/wp-content\/uploads\/2022\/07\/memoire-genetique.jpg?resize=1024%2C512&amp;ssl=1 1024w, https:\/\/i0.wp.com\/ydalir.fr\/wp-content\/uploads\/2022\/07\/memoire-genetique.jpg?resize=768%2C384&amp;ssl=1 768w, https:\/\/i0.wp.com\/ydalir.fr\/wp-content\/uploads\/2022\/07\/memoire-genetique.jpg?resize=1536%2C768&amp;ssl=1 1536w, https:\/\/i0.wp.com\/ydalir.fr\/wp-content\/uploads\/2022\/07\/memoire-genetique.jpg?resize=1800%2C900&amp;ssl=1 1800w, https:\/\/i0.wp.com\/ydalir.fr\/wp-content\/uploads\/2022\/07\/memoire-genetique.jpg?w=1920&amp;ssl=1 1920w\" sizes=\"auto, (max-width: 300px) 100vw, 300px\" \/><\/figure>\n\n\n\n<p>Toutes ces m\u00e9moires s&rsquo;expriment, vibrent et r\u00e9sonnent en nous. Elles fa\u00e7onnent ainsi en partie notre personnalit\u00e9 (notamment certaines peurs, attirances, d\u00e9sirs, etc.), mais aussi notre physique (cicatrices inexpliqu\u00e9es, t\u00e2ches de naissance, etc.). C&rsquo;est ce que la spiritualit\u00e9 nordique d\u00e9signait sous le nom de <em>hamingja<\/em>.<\/p>\n\n\n\n<div style=\"height:30px\" aria-hidden=\"true\" class=\"wp-block-spacer\"><\/div>\n\n\n\n<h2 class=\"wp-block-heading\">Pourquoi se lib\u00e9rer des m\u00e9moires ant\u00e9rieures ?<\/h2>\n\n\n\n<figure class=\"wp-block-image alignleft size-medium is-style-rounded\"><img data-recalc-dims=\"1\" loading=\"lazy\" decoding=\"async\" width=\"300\" height=\"200\" src=\"https:\/\/i0.wp.com\/ydalir.fr\/wp-content\/uploads\/2022\/07\/memoire-ancestrale.jpg?resize=300%2C200&#038;ssl=1\" alt=\"M\u00e9moire ancestrale\" class=\"wp-image-1336\" srcset=\"https:\/\/i0.wp.com\/ydalir.fr\/wp-content\/uploads\/2022\/07\/memoire-ancestrale.jpg?resize=300%2C200&amp;ssl=1 300w, https:\/\/i0.wp.com\/ydalir.fr\/wp-content\/uploads\/2022\/07\/memoire-ancestrale.jpg?resize=1024%2C683&amp;ssl=1 1024w, https:\/\/i0.wp.com\/ydalir.fr\/wp-content\/uploads\/2022\/07\/memoire-ancestrale.jpg?resize=768%2C512&amp;ssl=1 768w, https:\/\/i0.wp.com\/ydalir.fr\/wp-content\/uploads\/2022\/07\/memoire-ancestrale.jpg?resize=1536%2C1024&amp;ssl=1 1536w, https:\/\/i0.wp.com\/ydalir.fr\/wp-content\/uploads\/2022\/07\/memoire-ancestrale.jpg?resize=1800%2C1200&amp;ssl=1 1800w, https:\/\/i0.wp.com\/ydalir.fr\/wp-content\/uploads\/2022\/07\/memoire-ancestrale.jpg?w=1920&amp;ssl=1 1920w\" sizes=\"auto, (max-width: 300px) 100vw, 300px\" \/><\/figure>\n\n\n\n<p>Parfois, ces m\u00e9moires font <strong>resurgir chez nous des sympt\u00f4mes r\u00e9currents ou des situations handicapantes<\/strong>. Cela peut \u00eatre des peurs inexplicables, des fragilit\u00e9s particuli\u00e8res, de la sensibilit\u00e9 \u00e0 certaines expositions, de douleurs chroniques inexplicables, de maladies, etc.<\/p>\n\n\n\n<p>Dans ces cas-l\u00e0, il peut \u00eatre int\u00e9ressant de <strong>remonter le fil de ces m\u00e9moires pour pouvoir les exposer<\/strong> \u00e0 la lumi\u00e8re de notre conscience. Cela att\u00e9nue ou fait disparaitre les sympt\u00f4mes et les situations g\u00eanants.<\/p>\n\n\n\n<div style=\"height:30px\" aria-hidden=\"true\" class=\"wp-block-spacer\"><\/div>\n\n\n\n<h2 class=\"wp-block-heading\">Comment se d\u00e9roule une telle s\u00e9ance ?<\/h2>\n\n\n\n<figure class=\"wp-block-image alignright size-medium is-resized is-style-rounded\"><img data-recalc-dims=\"1\" loading=\"lazy\" decoding=\"async\" width=\"300\" height=\"200\" src=\"https:\/\/i0.wp.com\/ydalir.fr\/wp-content\/uploads\/2022\/07\/exploration-des-vies-anterieures.jpg?resize=300%2C200&#038;ssl=1\" alt=\"Exploration des vies ant\u00e9rieures\" class=\"wp-image-1340\" style=\"width:335px;height:auto\" srcset=\"https:\/\/i0.wp.com\/ydalir.fr\/wp-content\/uploads\/2022\/07\/exploration-des-vies-anterieures.jpg?resize=300%2C200&amp;ssl=1 300w, https:\/\/i0.wp.com\/ydalir.fr\/wp-content\/uploads\/2022\/07\/exploration-des-vies-anterieures.jpg?resize=1024%2C683&amp;ssl=1 1024w, https:\/\/i0.wp.com\/ydalir.fr\/wp-content\/uploads\/2022\/07\/exploration-des-vies-anterieures.jpg?resize=768%2C512&amp;ssl=1 768w, https:\/\/i0.wp.com\/ydalir.fr\/wp-content\/uploads\/2022\/07\/exploration-des-vies-anterieures.jpg?resize=1536%2C1025&amp;ssl=1 1536w, https:\/\/i0.wp.com\/ydalir.fr\/wp-content\/uploads\/2022\/07\/exploration-des-vies-anterieures.jpg?resize=1800%2C1201&amp;ssl=1 1800w, https:\/\/i0.wp.com\/ydalir.fr\/wp-content\/uploads\/2022\/07\/exploration-des-vies-anterieures.jpg?w=1920&amp;ssl=1 1920w\" sizes=\"auto, (max-width: 300px) 100vw, 300px\" \/><\/figure>\n\n\n\n<p>Sur le m\u00eame sch\u00e9ma que pour la <a href=\"https:\/\/ydalir.fr\/index.php\/revelation-personnelle\/\">r\u00e9v\u00e9lation des eaux troubles<\/a>, le consultant s&rsquo;assied \u00e0 c\u00f4t\u00e9 de moi. J&rsquo;entre dans un \u00e9tat modifi\u00e9 de conscience proche de la transe. Une fois dans cet \u00e9tat, je peux <strong>remonter le cours  du pass\u00e9 g\u00e9n\u00e9alogique pour obtenir des informations<\/strong> sur votre ascendance ou vos anc\u00eatre. De m\u00eame, je peux <strong>remonter votre propre parcours d&rsquo;\u00e2me<\/strong>. Il est donc possible de savoir si la situation que vous rencontrez est li\u00e9e \u00e0 un anc\u00eatre ou un v\u00e9cu ant\u00e9rieur.<\/p>\n\n\n\n<div style=\"height:30px\" aria-hidden=\"true\" class=\"wp-block-spacer\"><\/div>\n\n\n\n<h2 class=\"wp-block-heading\">Quelle suite donner \u00e0 cette s\u00e9ance ?<\/h2>\n\n\n\n<p>La plupart du temps, mettre le doigt sur cette origine est suffisant pour att\u00e9nuer le sympt\u00f4me ou la situation g\u00eanante. Parfois m\u00eame, le faire dispara\u00eetre. Parfois, il peut \u00eatre n\u00e9cessaire de compl\u00e9ter cette s\u00e9ance avec un <a href=\"https:\/\/ydalir.fr\/index.php\/soins-energetiques\/\">soin \u00e9nerg\u00e9tique<\/a> ou un <a href=\"https:\/\/ydalir.fr\/index.php\/rituels\/\">bannissement des m\u00e9moires r\u00e9siduelles<\/a> pour \u00e9vacuer totalement le probl\u00e8me.<\/p>\n\n\n\n<div style=\"height:30px\" aria-hidden=\"true\" class=\"wp-block-spacer\"><\/div>\n\n\n\n<p class=\"has-text-align-center has-medium-font-size\">Vous vous sentez concern\u00e9 par cette situation ou souhaitez d\u00e9couvrir ce chemin de gu\u00e9rison ? N&rsquo;h\u00e9sitez plus :<\/p>\n\n\n\n<div class=\"wp-block-buttons has-custom-font-size has-large-font-size is-content-justification-center is-layout-flex wp-container-core-buttons-is-layout-16018d1d wp-block-buttons-is-layout-flex\" style=\"border-radius:76px\">\n<div class=\"wp-block-button\"><a class=\"wp-block-button__link has-large-font-size has-custom-font-size wp-element-button\" href=\"https:\/\/ydalir.fr\/index.php\/contact-chamane-magnetiseur-en-correze\/\" style=\"border-radius:76px\">Prenez rendez-vous<\/a><\/div>\n<\/div>\n\n\n\n<p class=\"has-text-align-center has-medium-font-size\">Que les Anc\u00eatres veillent sur vous !<\/p>\n\n\n\n<figure class=\"wp-block-image aligncenter size-full is-style-rounded\"><img data-recalc-dims=\"1\" loading=\"lazy\" decoding=\"async\" width=\"630\" height=\"354\" src=\"https:\/\/i0.wp.com\/ydalir.fr\/wp-content\/uploads\/2025\/08\/ancetres-nordiques.jpg?resize=630%2C354&#038;ssl=1\" alt=\"\" class=\"wp-image-1889\" srcset=\"https:\/\/i0.wp.com\/ydalir.fr\/wp-content\/uploads\/2025\/08\/ancetres-nordiques.jpg?w=630&amp;ssl=1 630w, https:\/\/i0.wp.com\/ydalir.fr\/wp-content\/uploads\/2025\/08\/ancetres-nordiques.jpg?resize=300%2C169&amp;ssl=1 300w\" sizes=\"auto, (max-width: 630px) 100vw, 630px\" \/><\/figure>\n","protected":false},"excerpt":{"rendered":"<p>Ce type de s\u00e9ance permet d&rsquo;explorer vos diff\u00e9rentes m\u00e9moires &#8211; de votre g\u00e9n\u00e9alogie \u00e0 vos vies ant\u00e9rieures &#8211; pour d\u00e9couvrir l&rsquo;origine potentielle d&rsquo;une maladie chronique, [&#8230;]<\/p>\n","protected":false},"author":1,"featured_media":0,"parent":0,"menu_order":0,"comment_status":"closed","ping_status":"closed","template":"","meta":{"footnotes":""},"class_list":["post-1324","page","type-page","status-publish","hentry"],"yoast_head":"<!-- This site is optimized with the Yoast SEO plugin v26.5 - https:\/\/yoast.com\/wordpress\/plugins\/seo\/ -->\n<title>Lib\u00e9ration des m\u00e9moires ant\u00e9rieures - Ydalir<\/title>\n<meta name=\"description\" content=\"En remontant les cours de vos m\u00e9moires - personnelle et anc\u00eastrale - lib\u00e9rez vous des maladies chroniques et sch\u00e9mas de vie n\u00e9fastes.\" \/>\n<meta name=\"robots\" content=\"index, follow, max-snippet:-1, max-image-preview:large, max-video-preview:-1\" \/>\n<link rel=\"canonical\" href=\"https:\/\/ydalir.fr\/index.php\/liberation-des-memoires-anterieures\/\" \/>\n<meta property=\"og:locale\" content=\"fr_FR\" \/>\n<meta property=\"og:type\" content=\"article\" \/>\n<meta property=\"og:title\" content=\"Lib\u00e9ration des m\u00e9moires ant\u00e9rieures - Ydalir\" \/>\n<meta property=\"og:description\" content=\"En remontant les cours de vos m\u00e9moires - personnelle et anc\u00eastrale - lib\u00e9rez vous des maladies chroniques et sch\u00e9mas de vie n\u00e9fastes.\" \/>\n<meta property=\"og:url\" content=\"https:\/\/ydalir.fr\/index.php\/liberation-des-memoires-anterieures\/\" \/>\n<meta property=\"og:site_name\" content=\"Ydalir\" \/>\n<meta property=\"article:modified_time\" content=\"2025-08-29T15:36:53+00:00\" \/>\n<meta property=\"og:image\" content=\"https:\/\/ydalir.fr\/wp-content\/uploads\/2022\/07\/palacio-nacional-de-mafra-gb2ec547d0_1920-1024x702.jpg\" \/>\n<meta name=\"twitter:card\" content=\"summary_large_image\" \/>\n<meta name=\"twitter:label1\" content=\"Dur\u00e9e de lecture estim\u00e9e\" \/>\n\t<meta name=\"twitter:data1\" content=\"4 minutes\" \/>\n<script type=\"application\/ld+json\" class=\"yoast-schema-graph\">{\"@context\":\"https:\/\/schema.org\",\"@graph\":[{\"@type\":\"WebPage\",\"@id\":\"https:\/\/ydalir.fr\/index.php\/liberation-des-memoires-anterieures\/\",\"url\":\"https:\/\/ydalir.fr\/index.php\/liberation-des-memoires-anterieures\/\",\"name\":\"Lib\u00e9ration des m\u00e9moires ant\u00e9rieures - Ydalir\",\"isPartOf\":{\"@id\":\"https:\/\/ydalir.fr\/#website\"},\"primaryImageOfPage\":{\"@id\":\"https:\/\/ydalir.fr\/index.php\/liberation-des-memoires-anterieures\/#primaryimage\"},\"image\":{\"@id\":\"https:\/\/ydalir.fr\/index.php\/liberation-des-memoires-anterieures\/#primaryimage\"},\"thumbnailUrl\":\"https:\/\/ydalir.fr\/wp-content\/uploads\/2022\/07\/palacio-nacional-de-mafra-gb2ec547d0_1920-1024x702.jpg\",\"datePublished\":\"2022-07-31T14:27:54+00:00\",\"dateModified\":\"2025-08-29T15:36:53+00:00\",\"description\":\"En remontant les cours de vos m\u00e9moires - personnelle et anc\u00eastrale - lib\u00e9rez vous des maladies chroniques et sch\u00e9mas de vie n\u00e9fastes.\",\"breadcrumb\":{\"@id\":\"https:\/\/ydalir.fr\/index.php\/liberation-des-memoires-anterieures\/#breadcrumb\"},\"inLanguage\":\"fr-FR\",\"potentialAction\":[{\"@type\":\"ReadAction\",\"target\":[\"https:\/\/ydalir.fr\/index.php\/liberation-des-memoires-anterieures\/\"]}]},{\"@type\":\"ImageObject\",\"inLanguage\":\"fr-FR\",\"@id\":\"https:\/\/ydalir.fr\/index.php\/liberation-des-memoires-anterieures\/#primaryimage\",\"url\":\"https:\/\/i0.wp.com\/ydalir.fr\/wp-content\/uploads\/2022\/07\/palacio-nacional-de-mafra-gb2ec547d0_1920.jpg?fit=1920%2C1316&ssl=1\",\"contentUrl\":\"https:\/\/i0.wp.com\/ydalir.fr\/wp-content\/uploads\/2022\/07\/palacio-nacional-de-mafra-gb2ec547d0_1920.jpg?fit=1920%2C1316&ssl=1\",\"width\":1920,\"height\":1316},{\"@type\":\"BreadcrumbList\",\"@id\":\"https:\/\/ydalir.fr\/index.php\/liberation-des-memoires-anterieures\/#breadcrumb\",\"itemListElement\":[{\"@type\":\"ListItem\",\"position\":1,\"name\":\"Accueil\",\"item\":\"https:\/\/ydalir.fr\/\"},{\"@type\":\"ListItem\",\"position\":2,\"name\":\"Lib\u00e9ration des m\u00e9moires ant\u00e9rieures\"}]},{\"@type\":\"WebSite\",\"@id\":\"https:\/\/ydalir.fr\/#website\",\"url\":\"https:\/\/ydalir.fr\/\",\"name\":\"Ydalir\",\"description\":\"Chamane Viking\",\"publisher\":{\"@id\":\"https:\/\/ydalir.fr\/#organization\"},\"potentialAction\":[{\"@type\":\"SearchAction\",\"target\":{\"@type\":\"EntryPoint\",\"urlTemplate\":\"https:\/\/ydalir.fr\/?s={search_term_string}\"},\"query-input\":{\"@type\":\"PropertyValueSpecification\",\"valueRequired\":true,\"valueName\":\"search_term_string\"}}],\"inLanguage\":\"fr-FR\"},{\"@type\":\"Organization\",\"@id\":\"https:\/\/ydalir.fr\/#organization\",\"name\":\"Ydalir\",\"url\":\"https:\/\/ydalir.fr\/\",\"logo\":{\"@type\":\"ImageObject\",\"inLanguage\":\"fr-FR\",\"@id\":\"https:\/\/ydalir.fr\/#\/schema\/logo\/image\/\",\"url\":\"https:\/\/i0.wp.com\/ydalir.fr\/wp-content\/uploads\/2020\/05\/cropped-Vegvisir-HD_site.jpg?fit=120%2C120&ssl=1\",\"contentUrl\":\"https:\/\/i0.wp.com\/ydalir.fr\/wp-content\/uploads\/2020\/05\/cropped-Vegvisir-HD_site.jpg?fit=120%2C120&ssl=1\",\"width\":120,\"height\":120,\"caption\":\"Ydalir\"},\"image\":{\"@id\":\"https:\/\/ydalir.fr\/#\/schema\/logo\/image\/\"}}]}<\/script>\n<!-- \/ Yoast SEO plugin. -->","yoast_head_json":{"title":"Lib\u00e9ration des m\u00e9moires ant\u00e9rieures - Ydalir","description":"En remontant les cours de vos m\u00e9moires - personnelle et anc\u00eastrale - lib\u00e9rez vous des maladies chroniques et sch\u00e9mas de vie n\u00e9fastes.","robots":{"index":"index","follow":"follow","max-snippet":"max-snippet:-1","max-image-preview":"max-image-preview:large","max-video-preview":"max-video-preview:-1"},"canonical":"https:\/\/ydalir.fr\/index.php\/liberation-des-memoires-anterieures\/","og_locale":"fr_FR","og_type":"article","og_title":"Lib\u00e9ration des m\u00e9moires ant\u00e9rieures - Ydalir","og_description":"En remontant les cours de vos m\u00e9moires - personnelle et anc\u00eastrale - lib\u00e9rez vous des maladies chroniques et sch\u00e9mas de vie n\u00e9fastes.","og_url":"https:\/\/ydalir.fr\/index.php\/liberation-des-memoires-anterieures\/","og_site_name":"Ydalir","article_modified_time":"2025-08-29T15:36:53+00:00","og_image":[{"url":"https:\/\/ydalir.fr\/wp-content\/uploads\/2022\/07\/palacio-nacional-de-mafra-gb2ec547d0_1920-1024x702.jpg","type":"","width":"","height":""}],"twitter_card":"summary_large_image","twitter_misc":{"Dur\u00e9e de lecture estim\u00e9e":"4 minutes"},"schema":{"@context":"https:\/\/schema.org","@graph":[{"@type":"WebPage","@id":"https:\/\/ydalir.fr\/index.php\/liberation-des-memoires-anterieures\/","url":"https:\/\/ydalir.fr\/index.php\/liberation-des-memoires-anterieures\/","name":"Lib\u00e9ration des m\u00e9moires ant\u00e9rieures - Ydalir","isPartOf":{"@id":"https:\/\/ydalir.fr\/#website"},"primaryImageOfPage":{"@id":"https:\/\/ydalir.fr\/index.php\/liberation-des-memoires-anterieures\/#primaryimage"},"image":{"@id":"https:\/\/ydalir.fr\/index.php\/liberation-des-memoires-anterieures\/#primaryimage"},"thumbnailUrl":"https:\/\/ydalir.fr\/wp-content\/uploads\/2022\/07\/palacio-nacional-de-mafra-gb2ec547d0_1920-1024x702.jpg","datePublished":"2022-07-31T14:27:54+00:00","dateModified":"2025-08-29T15:36:53+00:00","description":"En remontant les cours de vos m\u00e9moires - personnelle et anc\u00eastrale - lib\u00e9rez vous des maladies chroniques et sch\u00e9mas de vie n\u00e9fastes.","breadcrumb":{"@id":"https:\/\/ydalir.fr\/index.php\/liberation-des-memoires-anterieures\/#breadcrumb"},"inLanguage":"fr-FR","potentialAction":[{"@type":"ReadAction","target":["https:\/\/ydalir.fr\/index.php\/liberation-des-memoires-anterieures\/"]}]},{"@type":"ImageObject","inLanguage":"fr-FR","@id":"https:\/\/ydalir.fr\/index.php\/liberation-des-memoires-anterieures\/#primaryimage","url":"https:\/\/i0.wp.com\/ydalir.fr\/wp-content\/uploads\/2022\/07\/palacio-nacional-de-mafra-gb2ec547d0_1920.jpg?fit=1920%2C1316&ssl=1","contentUrl":"https:\/\/i0.wp.com\/ydalir.fr\/wp-content\/uploads\/2022\/07\/palacio-nacional-de-mafra-gb2ec547d0_1920.jpg?fit=1920%2C1316&ssl=1","width":1920,"height":1316},{"@type":"BreadcrumbList","@id":"https:\/\/ydalir.fr\/index.php\/liberation-des-memoires-anterieures\/#breadcrumb","itemListElement":[{"@type":"ListItem","position":1,"name":"Accueil","item":"https:\/\/ydalir.fr\/"},{"@type":"ListItem","position":2,"name":"Lib\u00e9ration des m\u00e9moires ant\u00e9rieures"}]},{"@type":"WebSite","@id":"https:\/\/ydalir.fr\/#website","url":"https:\/\/ydalir.fr\/","name":"Ydalir","description":"Chamane Viking","publisher":{"@id":"https:\/\/ydalir.fr\/#organization"},"potentialAction":[{"@type":"SearchAction","target":{"@type":"EntryPoint","urlTemplate":"https:\/\/ydalir.fr\/?s={search_term_string}"},"query-input":{"@type":"PropertyValueSpecification","valueRequired":true,"valueName":"search_term_string"}}],"inLanguage":"fr-FR"},{"@type":"Organization","@id":"https:\/\/ydalir.fr\/#organization","name":"Ydalir","url":"https:\/\/ydalir.fr\/","logo":{"@type":"ImageObject","inLanguage":"fr-FR","@id":"https:\/\/ydalir.fr\/#\/schema\/logo\/image\/","url":"https:\/\/i0.wp.com\/ydalir.fr\/wp-content\/uploads\/2020\/05\/cropped-Vegvisir-HD_site.jpg?fit=120%2C120&ssl=1","contentUrl":"https:\/\/i0.wp.com\/ydalir.fr\/wp-content\/uploads\/2020\/05\/cropped-Vegvisir-HD_site.jpg?fit=120%2C120&ssl=1","width":120,"height":120,"caption":"Ydalir"},"image":{"@id":"https:\/\/ydalir.fr\/#\/schema\/logo\/image\/"}}]}},"jetpack-related-posts":[{"id":733,"url":"https:\/\/ydalir.fr\/index.php\/services-proposes\/","url_meta":{"origin":1324,"position":0},"title":"Services propos\u00e9s","author":"Ydalir","date":"2 juillet 2021","format":false,"excerpt":"Pour vous apporter une solution personnalis\u00e9e adapt\u00e9e \u00e0 vos attentes et vos probl\u00e9matiques, je vous propose les services suivants (cliquez pour en savoir plus) : Les soins \u00e9nerg\u00e9tiques La r\u00e9v\u00e9lation des eaux troubles Lib\u00e9ration des m\u00e9moires ant\u00e9rieures Rituels Bannissement d\u2019entit\u00e9s et exorcisme","rel":"","context":"Article similaire","block_context":{"text":"Article similaire","link":""},"img":{"alt_text":"Bougie d'offrande allum\u00e9e","src":"https:\/\/i0.wp.com\/ydalir.fr\/wp-content\/uploads\/2021\/07\/pexels-photo-2730218.jpeg?resize=350%2C200&ssl=1","width":350,"height":200,"srcset":"https:\/\/i0.wp.com\/ydalir.fr\/wp-content\/uploads\/2021\/07\/pexels-photo-2730218.jpeg?resize=350%2C200&ssl=1 1x, https:\/\/i0.wp.com\/ydalir.fr\/wp-content\/uploads\/2021\/07\/pexels-photo-2730218.jpeg?resize=525%2C300&ssl=1 1.5x, https:\/\/i0.wp.com\/ydalir.fr\/wp-content\/uploads\/2021\/07\/pexels-photo-2730218.jpeg?resize=700%2C400&ssl=1 2x"},"classes":[]},{"id":1767,"url":"https:\/\/ydalir.fr\/index.php\/soins-et-guerison\/","url_meta":{"origin":1324,"position":1},"title":"Soins et gu\u00e9rison","author":"Ydalir","date":"15 ao\u00fbt 2025","format":false,"excerpt":"Magn\u00e9tisme, soin des maux physiques et psychiques, harmonisation \u00e9nerg\u00e9tique, \u00e9limination des blocages, n\u00e9gativit\u00e9s et autres nuisances, bannissement et exorcisme des entit\u00e9s parasites. Ici vous trouverez de quoi vous soigner et vous r\u00e9\u00e9quilibrer tant physiquement que spirituellement. Soins \u00e9nerg\u00e9tiques Lib\u00e9ration des m\u00e9moires ant\u00e9rieures Bannissement d\u2019entit\u00e9s et exorcisme","rel":"","context":"Article similaire","block_context":{"text":"Article similaire","link":""},"img":{"alt_text":"Aurore bor\u00e9ale","src":"https:\/\/i0.wp.com\/ydalir.fr\/wp-content\/uploads\/2021\/02\/Aurore_magnetisme-e1627139606937.jpg?resize=350%2C200&ssl=1","width":350,"height":200,"srcset":"https:\/\/i0.wp.com\/ydalir.fr\/wp-content\/uploads\/2021\/02\/Aurore_magnetisme-e1627139606937.jpg?resize=350%2C200&ssl=1 1x, https:\/\/i0.wp.com\/ydalir.fr\/wp-content\/uploads\/2021\/02\/Aurore_magnetisme-e1627139606937.jpg?resize=525%2C300&ssl=1 1.5x, https:\/\/i0.wp.com\/ydalir.fr\/wp-content\/uploads\/2021\/02\/Aurore_magnetisme-e1627139606937.jpg?resize=700%2C400&ssl=1 2x, https:\/\/i0.wp.com\/ydalir.fr\/wp-content\/uploads\/2021\/02\/Aurore_magnetisme-e1627139606937.jpg?resize=1050%2C600&ssl=1 3x, https:\/\/i0.wp.com\/ydalir.fr\/wp-content\/uploads\/2021\/02\/Aurore_magnetisme-e1627139606937.jpg?resize=1400%2C800&ssl=1 4x"},"classes":[]},{"id":1585,"url":"https:\/\/ydalir.fr\/index.php\/tarifs\/","url_meta":{"origin":1324,"position":2},"title":"Tarifs","author":"Ydalir","date":"9 juin 2023","format":false,"excerpt":"Il s'agit \u00e0 la fois de respecter une r\u00e8gle d'\u00e9change r\u00e9ciproque et de participer au d\u00e9veloppement de mon activit\u00e9. Cela permet de me rendre plus disponible et d'aider plus de monde, de permettre la reconnaissance de mon travail et de respecter la loi de la r\u00e9ciprocit\u00e9 qui sous-tend la m\u00e9canique\u2026","rel":"","context":"Article similaire","block_context":{"text":"Article similaire","link":""},"img":{"alt_text":"Point de rencontre et d'\u00e9change entre le Feu et la Glace","src":"https:\/\/i0.wp.com\/ydalir.fr\/wp-content\/uploads\/2023\/06\/Echanges-feu-et-glace-e1686390180454-edited-2.png?resize=350%2C200&ssl=1","width":350,"height":200,"srcset":"https:\/\/i0.wp.com\/ydalir.fr\/wp-content\/uploads\/2023\/06\/Echanges-feu-et-glace-e1686390180454-edited-2.png?resize=350%2C200&ssl=1 1x, https:\/\/i0.wp.com\/ydalir.fr\/wp-content\/uploads\/2023\/06\/Echanges-feu-et-glace-e1686390180454-edited-2.png?resize=525%2C300&ssl=1 1.5x, https:\/\/i0.wp.com\/ydalir.fr\/wp-content\/uploads\/2023\/06\/Echanges-feu-et-glace-e1686390180454-edited-2.png?resize=700%2C400&ssl=1 2x, https:\/\/i0.wp.com\/ydalir.fr\/wp-content\/uploads\/2023\/06\/Echanges-feu-et-glace-e1686390180454-edited-2.png?resize=1050%2C600&ssl=1 3x, https:\/\/i0.wp.com\/ydalir.fr\/wp-content\/uploads\/2023\/06\/Echanges-feu-et-glace-e1686390180454-edited-2.png?resize=1400%2C800&ssl=1 4x"},"classes":[]},{"id":419,"url":"https:\/\/ydalir.fr\/","url_meta":{"origin":1324,"position":3},"title":"Chamane, magn\u00e9tiseur et runiste : soins \u00e9nerg\u00e9tiques, runes, voyance, rituels et magie","author":"Ydalir","date":"17 juillet 2016","format":false,"excerpt":"Chamane et magn\u00e9tiseur, je suis \u00e0 votre service pour vous soulager et vous soutenir sur les flots tumultueux de la vie. Je pratique le soin par magn\u00e9tisme depuis l'\u00e2ge de 17 ans. J'utilise les runes conjointement \u00e0 une pratique instinctive et intuitive. Mon approche est donc guid\u00e9e par une sensibilit\u00e9\u2026","rel":"","context":"Article similaire","block_context":{"text":"Article similaire","link":""},"img":{"alt_text":"Chamane op\u00e9rant un rituel","src":"https:\/\/i0.wp.com\/ydalir.fr\/wp-content\/uploads\/2021\/07\/Chamane-nordique.jpg?resize=350%2C200&ssl=1","width":350,"height":200},"classes":[]}],"jetpack_sharing_enabled":true,"jetpack_likes_enabled":true,"_links":{"self":[{"href":"https:\/\/ydalir.fr\/index.php\/wp-json\/wp\/v2\/pages\/1324","targetHints":{"allow":["GET"]}}],"collection":[{"href":"https:\/\/ydalir.fr\/index.php\/wp-json\/wp\/v2\/pages"}],"about":[{"href":"https:\/\/ydalir.fr\/index.php\/wp-json\/wp\/v2\/types\/page"}],"author":[{"embeddable":true,"href":"https:\/\/ydalir.fr\/index.php\/wp-json\/wp\/v2\/users\/1"}],"replies":[{"embeddable":true,"href":"https:\/\/ydalir.fr\/index.php\/wp-json\/wp\/v2\/comments?post=1324"}],"version-history":[{"count":26,"href":"https:\/\/ydalir.fr\/index.php\/wp-json\/wp\/v2\/pages\/1324\/revisions"}],"predecessor-version":[{"id":1890,"href":"https:\/\/ydalir.fr\/index.php\/wp-json\/wp\/v2\/pages\/1324\/revisions\/1890"}],"wp:attachment":[{"href":"https:\/\/ydalir.fr\/index.php\/wp-json\/wp\/v2\/media?parent=1324"}],"curies":[{"name":"wp","href":"https:\/\/api.w.org\/{rel}","templated":true}]}}